{"id":212,"date":"2025-06-12T15:25:08","date_gmt":"2025-06-12T12:25:08","guid":{"rendered":"https:\/\/samiraparfumeri.com\/?page_id=212"},"modified":"2025-06-12T15:26:23","modified_gmt":"2025-06-12T12:26:23","slug":"hakkimizda","status":"publish","type":"page","link":"https:\/\/samiraparfumeri.com\/?page_id=212","title":{"rendered":"Hakk\u0131m\u0131zda"},"content":{"rendered":"\t\t<div data-elementor-type=\"wp-page\" data-elementor-id=\"212\" class=\"elementor elementor-212\">\n\t\t\t\t<div class=\"elementor-element elementor-element-f634366 e-flex e-con-boxed e-con e-parent\" data-id=\"f634366\" data-element_type=\"container\">\n\t\t\t\t\t<div class=\"e-con-inner\">\n\t\t<div class=\"elementor-element elementor-element-3198636 e-con-full e-flex e-con e-child\" data-id=\"3198636\" data-element_type=\"container\">\n\t\t\t\t<div class=\"elementor-element elementor-element-4c920d1 elementor-widget elementor-widget-heading\" data-id=\"4c920d1\" data-element_type=\"widget\" data-widget_type=\"heading.default\">\n\t\t\t\t<div class=\"elementor-widget-container\">\n\t\t\t\t\t<h2 class=\"elementor-heading-title elementor-size-default\">Hakk\u0131m\u0131zda<\/h2>\t\t\t\t<\/div>\n\t\t\t\t<\/div>\n\t\t\t\t<\/div>\n\t\t\t\t\t<\/div>\n\t\t\t\t<\/div>\n\t\t<div class=\"elementor-element elementor-element-58852c6 e-flex e-con-boxed e-con e-parent\" data-id=\"58852c6\" data-element_type=\"container\">\n\t\t\t\t\t<div class=\"e-con-inner\">\n\t\t\t\t<div class=\"elementor-element elementor-element-b0b74d9 elementor-widget elementor-widget-html\" data-id=\"b0b74d9\" data-element_type=\"widget\" data-widget_type=\"html.default\">\n\t\t\t\t<div class=\"elementor-widget-container\">\n\t\t\t\t\t<!DOCTYPE html>\r\n<html lang=\"tr\">\r\n<head>\r\n    <meta charset=\"UTF-8\">\r\n    <meta name=\"viewport\" content=\"width=device-width, initial-scale=1.0\">\r\n    <title>Hakk\u0131m\u0131zda | Samira Parf\u00fcmeri<\/title>\r\n    <style>\r\n        body {\r\n            font-family: Arial, sans-serif;\r\n            margin: 40px auto;\r\n            max-width: 900px;\r\n            line-height: 1.8;\r\n            color: #333;\r\n            background-color: #f9f9f9;\r\n        }\r\n        h1 {\r\n            color: #A52A2A;\r\n            margin-bottom: 20px;\r\n        }\r\n        p {\r\n            margin-bottom: 16px;\r\n        }\r\n    <\/style>\r\n<\/head>\r\n<body>\r\n\r\n    <h1>Hakk\u0131m\u0131zda<\/h1>\r\n\r\n    <p>\r\n        <strong>Samira Parf\u00fcmeri<\/strong>, d\u00fcnyaca \u00fcnl\u00fc parf\u00fcm markalar\u0131n\u0131n en se\u00e7kin \u00fcr\u00fcnlerini, online sat\u0131\u015f platformu <strong>www.samiraparfumeri.com<\/strong> \u00fczerinden kaliteli hizmet anlay\u0131\u015f\u0131 ile T\u00fcrkiye'nin t\u00fcm illerindeki m\u00fc\u015fterilerine sunmaktad\u0131r.\r\n    <\/p>\r\n\r\n    <p>\r\n        \u0130thalat yoluyla getirilen <strong>l\u00fcks ve orijinal parf\u00fcmler<\/strong>, Samira Parf\u00fcmeri g\u00fcvencesiyle her zaman <strong>uygun fiyatlarla<\/strong> sunulmakta, <strong>orijinallik garantisi<\/strong> ile sat\u0131\u015fa \u00e7\u0131kar\u0131lmaktad\u0131r. \u00dcr\u00fcnlerimizin tamam\u0131, \u00fcretici markalar\u0131n global tedarik zincirlerinden temin edilmekte olup %100 orijinaldir.\r\n    <\/p>\r\n\r\n    <p>\r\n        M\u00fc\u015fteri memnuniyetinde s\u0131n\u0131r tan\u0131mayan Samira Parf\u00fcmeri, deneyimli kadrosu ve s\u00fcrekli g\u00fcncellenen geni\u015f \u00fcr\u00fcn yelpazesi ile m\u00fc\u015fterilerine en iyi \u015fekilde hizmet vermeye devam etmektedir.\r\n    <\/p>\r\n\r\n    <p>\r\n        Sekt\u00f6r\u00fcnde \u00f6nemli ba\u015far\u0131lar elde eden ve daha b\u00fcy\u00fck hedeflere y\u00fcr\u00fcyen firmam\u0131z, m\u00fc\u015fteri taleplerine <strong>d\u00fcr\u00fcst, h\u0131zl\u0131 ve do\u011fru<\/strong> cevap vermeyi ilke edinmi\u015f, her ge\u00e7en g\u00fcn teknolojik geli\u015fmeleri takip ederek kendini yenileyen bir yap\u0131 i\u00e7inde b\u00fcy\u00fcmeye devam etmektedir.\r\n    <\/p>\r\n\r\n    <p>\r\n        \u201c<strong>Hizmette S\u0131n\u0131r Yoktur!<\/strong>\u201d anlay\u0131\u015f\u0131yla t\u00fcm T\u00fcrkiye\u2019de lider olmay\u0131 hedefleyen <strong>Samira Parf\u00fcmeri<\/strong>, her zaman en kaliteli hizmeti, en iyi \u00fcr\u00fcnlerle, profesyonel ekip e\u015fli\u011finde ve rekabet\u00e7i fiyatlarla sunmay\u0131 temel prensibi olarak kabul etmi\u015ftir.\r\n    <\/p>\r\n\r\n    <p>\r\n        Kalite, g\u00fcven ve memnuniyet ilkeleriyle b\u00fcy\u00fcyen markam\u0131z, parf\u00fcm d\u00fcnyas\u0131nda fark yaratan kokular\u0131 sizlerle bulu\u015fturmaya devam ediyor.\r\n    <\/p>\r\n\r\n<\/body>\r\n<\/html>\r\n\t\t\t\t<\/div>\n\t\t\t\t<\/div>\n\t\t\t\t\t<\/div>\n\t\t\t\t<\/div>\n\t\t<div class=\"elementor-element elementor-element-fee40af e-flex e-con-boxed e-con e-parent\" data-id=\"fee40af\" data-element_type=\"container\">\n\t\t\t\t\t<div class=\"e-con-inner\">\n\t\t<div class=\"elementor-element elementor-element-4c58670 e-con-full e-flex e-con e-child\" data-id=\"4c58670\" data-element_type=\"container\">\n\t\t\t\t<div class=\"elementor-element elementor-element-c6a3d8e elementor-widget elementor-widget-image\" data-id=\"c6a3d8e\" data-element_type=\"widget\" data-widget_type=\"image.default\">\n\t\t\t\t<div class=\"elementor-widget-container\">\n\t\t\t\t\t\t\t\t\t\t\t\t\t\t\t<img decoding=\"async\" src=\"https:\/\/samiraparfumeri.com\/wp-content\/uploads\/elementor\/thumbs\/logo-2-r774qzw71167ca9ls8r83zjfjmuue51mq4j8onqp3o.png\" title=\"logo\" alt=\"logo\" loading=\"lazy\" \/>\t\t\t\t\t\t\t\t\t\t\t\t\t\t\t<\/div>\n\t\t\t\t<\/div>\n\t\t\t\t<\/div>\n\t\t\t\t\t<\/div>\n\t\t\t\t<\/div>\n\t\t\t\t<\/div>\n\t\t","protected":false},"excerpt":{"rendered":"<p>Hakk\u0131m\u0131zda Hakk\u0131m\u0131zda | Samira Parf\u00fcmeri Hakk\u0131m\u0131zda Samira Parf\u00fcmeri, d\u00fcnyaca \u00fcnl\u00fc parf\u00fcm markalar\u0131n\u0131n en se\u00e7kin \u00fcr\u00fcnlerini, online sat\u0131\u015f platformu www.samiraparfumeri.com \u00fczerinden kaliteli hizmet anlay\u0131\u015f\u0131 ile T\u00fcrkiye&#8217;nin t\u00fcm illerindeki m\u00fc\u015fterilerine sunmaktad\u0131r. \u0130thalat yoluyla getirilen l\u00fcks ve orijinal parf\u00fcmler, Samira Parf\u00fcmeri g\u00fcvencesiyle her zaman uygun fiyatlarla sunulmakta, orijinallik garantisi ile sat\u0131\u015fa \u00e7\u0131kar\u0131lmaktad\u0131r. \u00dcr\u00fcnlerimizin tamam\u0131, \u00fcretici markalar\u0131n global tedarik&#8230;<\/p>\n","protected":false},"author":1,"featured_media":0,"parent":0,"menu_order":0,"comment_status":"closed","ping_status":"closed","template":"","meta":{"_kad_post_transparent":"","_kad_post_title":"hide","_kad_post_layout":"fullwidth","_kad_post_sidebar_id":"","_kad_post_content_style":"unboxed","_kad_post_vertical_padding":"hide","_kad_post_feature":"hide","_kad_post_feature_position":"","_kad_post_header":false,"_kad_post_footer":false,"footnotes":""},"class_list":["post-212","page","type-page","status-publish","hentry"],"_links":{"self":[{"href":"https:\/\/samiraparfumeri.com\/index.php?rest_route=\/wp\/v2\/pages\/212","targetHints":{"allow":["GET"]}}],"collection":[{"href":"https:\/\/samiraparfumeri.com\/index.php?rest_route=\/wp\/v2\/pages"}],"about":[{"href":"https:\/\/samiraparfumeri.com\/index.php?rest_route=\/wp\/v2\/types\/page"}],"author":[{"embeddable":true,"href":"https:\/\/samiraparfumeri.com\/index.php?rest_route=\/wp\/v2\/users\/1"}],"replies":[{"embeddable":true,"href":"https:\/\/samiraparfumeri.com\/index.php?rest_route=%2Fwp%2Fv2%2Fcomments&post=212"}],"version-history":[{"count":5,"href":"https:\/\/samiraparfumeri.com\/index.php?rest_route=\/wp\/v2\/pages\/212\/revisions"}],"predecessor-version":[{"id":219,"href":"https:\/\/samiraparfumeri.com\/index.php?rest_route=\/wp\/v2\/pages\/212\/revisions\/219"}],"wp:attachment":[{"href":"https:\/\/samiraparfumeri.com\/index.php?rest_route=%2Fwp%2Fv2%2Fmedia&parent=212"}],"curies":[{"name":"wp","href":"https:\/\/api.w.org\/{rel}","templated":true}]}}