{"id":245,"date":"2025-06-12T16:36:55","date_gmt":"2025-06-12T13:36:55","guid":{"rendered":"https:\/\/samiraparfumeri.com\/?page_id=245"},"modified":"2025-06-12T16:40:22","modified_gmt":"2025-06-12T13:40:22","slug":"sepetim","status":"publish","type":"page","link":"https:\/\/samiraparfumeri.com\/?page_id=245","title":{"rendered":"Sepetim"},"content":{"rendered":"\t\t<div data-elementor-type=\"wp-page\" data-elementor-id=\"245\" class=\"elementor elementor-245\">\n\t\t\t\t<div class=\"elementor-element elementor-element-3030981 e-flex e-con-boxed e-con e-parent\" data-id=\"3030981\" data-element_type=\"container\">\n\t\t\t\t\t<div class=\"e-con-inner\">\n\t\t<div class=\"elementor-element elementor-element-d2f6e70 e-con-full e-flex e-con e-child\" data-id=\"d2f6e70\" data-element_type=\"container\">\n\t\t\t\t<div class=\"elementor-element elementor-element-276eaf8 elementor-widget elementor-widget-heading\" data-id=\"276eaf8\" data-element_type=\"widget\" data-widget_type=\"heading.default\">\n\t\t\t\t<div class=\"elementor-widget-container\">\n\t\t\t\t\t<h2 class=\"elementor-heading-title elementor-size-default\">Sepetim<\/h2>\t\t\t\t<\/div>\n\t\t\t\t<\/div>\n\t\t\t\t<\/div>\n\t\t\t\t\t<\/div>\n\t\t\t\t<\/div>\n\t\t<div class=\"elementor-element elementor-element-12ca37c e-flex e-con-boxed e-con e-parent\" data-id=\"12ca37c\" data-element_type=\"container\">\n\t\t\t\t\t<div class=\"e-con-inner\">\n\t\t<div class=\"elementor-element elementor-element-43ea462 e-con-full e-flex e-con e-child\" data-id=\"43ea462\" data-element_type=\"container\">\n\t\t\t\t<div class=\"elementor-element elementor-element-4baf01b elementor-widget elementor-widget-shortcode\" data-id=\"4baf01b\" data-element_type=\"widget\" data-widget_type=\"shortcode.default\">\n\t\t\t\t<div class=\"elementor-widget-container\">\n\t\t\t\t\t\t\t<div class=\"elementor-shortcode\"><div class=\"woocommerce\"><div class=\"woocommerce-notices-wrapper\"><\/div><div class=\"kadence-woo-cart-form-wrap\">\n<form class=\"woocommerce-cart-form\" action=\"https:\/\/samiraparfumeri.com\/?page_id=245\" method=\"post\">\n\t<div class=\"cart-summary\"><h2>Cart Summary<\/h2><\/div>\n\t<table class=\"shop_table shop_table_responsive cart woocommerce-cart-form__contents\" cellspacing=\"0\">\n\t\t<thead>\n\t\t\t<tr>\n\t\t\t\t<th class=\"product-remove\"><span class=\"screen-reader-text\">\u00dcr\u00fcn\u00fc \u00e7\u0131kar<\/span><\/th>\n\t\t\t\t<th class=\"product-thumbnail\"><span class=\"screen-reader-text\">K\u00fc\u00e7\u00fck resim<\/span><\/th>\n\t\t\t\t<th class=\"product-name\">\u00dcr\u00fcn<\/th>\n\t\t\t\t<th class=\"product-price\">Fiyat<\/th>\n\t\t\t\t<th class=\"product-quantity\">Miktar<\/th>\n\t\t\t\t<th class=\"product-subtotal\">Ara Toplam<\/th>\n\t\t\t<\/tr>\n\t\t<\/thead>\n\t\t<tbody>\n\t\t\t\n\t\t\t\t\t\t\t\t<tr class=\"woocommerce-cart-form__cart-item cart_item\">\n\n\t\t\t\t\t\t<td class=\"product-remove\">\n\t\t\t\t\t\t\t<a href=\"https:\/\/samiraparfumeri.com\/?page_id=245&#038;remove_item=94c7bb58efc3b337800875b5d382a072&#038;_wpnonce=b07711eb9e\" class=\"remove\" aria-label=\"Prada Paradoxe EDP 90 ML \u00fcr\u00fcn\u00fcn\u00fc sepetten \u00e7\u0131kar\" data-product_id=\"552\" data-product_sku=\"\">&times;<\/a>\t\t\t\t\t\t<\/td>\n\n\t\t\t\t\t\t<td class=\"product-thumbnail\">\n\t\t\t\t\t\t<a href=\"https:\/\/samiraparfumeri.com\/?product=prada-paradoxe-edp-90-ml\"><img fetchpriority=\"high\" decoding=\"async\" width=\"300\" height=\"300\" src=\"https:\/\/samiraparfumeri.com\/wp-content\/uploads\/2025\/06\/2-68-300x300.png\" class=\"attachment-woocommerce_thumbnail size-woocommerce_thumbnail\" alt=\"Prada Paradoxe EDP 90 ML\" srcset=\"https:\/\/samiraparfumeri.com\/wp-content\/uploads\/2025\/06\/2-68-300x300.png 300w, https:\/\/samiraparfumeri.com\/wp-content\/uploads\/2025\/06\/2-68-150x150.png 150w, https:\/\/samiraparfumeri.com\/wp-content\/uploads\/2025\/06\/2-68-100x100.png 100w, https:\/\/samiraparfumeri.com\/wp-content\/uploads\/2025\/06\/2-68.png 514w\" sizes=\"(max-width: 300px) 100vw, 300px\" \/><\/a>\t\t\t\t\t\t<\/td>\n\n\t\t\t\t\t\t<td class=\"product-name\" data-title=\"\u00dcr\u00fcn\">\n\t\t\t\t\t\t<a href=\"https:\/\/samiraparfumeri.com\/?product=prada-paradoxe-edp-90-ml\">Prada Paradoxe EDP 90 ML<\/a>\t\t\t\t\t\t<\/td>\n\n\t\t\t\t\t\t<td class=\"product-price\" data-title=\"Fiyat\">\n\t\t\t\t\t\t\t<span class=\"woocommerce-Price-amount amount\"><bdi><span class=\"woocommerce-Price-currencySymbol\">&#8378;<\/span>1.499,00<\/bdi><\/span>\t\t\t\t\t\t<\/td>\n\n\t\t\t\t\t\t<td class=\"product-quantity\" data-title=\"Miktar\">\n\t\t\t\t\t\t<div class=\"quantity\">\n\t\t<label class=\"screen-reader-text\" for=\"quantity_69e25d1897ab4\">Prada Paradoxe EDP 90 ML adet<\/label>\n\t<input\n\t\ttype=\"number\"\n\t\t\t\tid=\"quantity_69e25d1897ab4\"\n\t\tclass=\"input-text qty text\"\n\t\tname=\"cart[94c7bb58efc3b337800875b5d382a072][qty]\"\n\t\tvalue=\"1\"\n\t\taria-label=\"\u00dcr\u00fcn miktar\u0131\"\n\t\t\t\tmin=\"0\"\n\t\tmax=\"\"\n\t\t\t\t\tstep=\"1\"\n\t\t\tplaceholder=\"\"\n\t\t\tinputmode=\"numeric\"\n\t\t\tautocomplete=\"off\"\n\t\t\t\/>\n\t<\/div>\n\t\t\t\t\t\t<\/td>\n\n\t\t\t\t\t\t<td class=\"product-subtotal\" data-title=\"Ara Toplam\">\n\t\t\t\t\t\t\t<span class=\"woocommerce-Price-amount amount\"><bdi><span class=\"woocommerce-Price-currencySymbol\">&#8378;<\/span>1.499,00<\/bdi><\/span>\t\t\t\t\t\t<\/td>\n\t\t\t\t\t<\/tr>\n\t\t\t\t\t\t\t\t\t\t<tr class=\"woocommerce-cart-form__cart-item cart_item\">\n\n\t\t\t\t\t\t<td class=\"product-remove\">\n\t\t\t\t\t\t\t<a href=\"https:\/\/samiraparfumeri.com\/?page_id=245&#038;remove_item=05f971b5ec196b8c65b75d2ef8267331&#038;_wpnonce=b07711eb9e\" class=\"remove\" aria-label=\"My Burberry Blush Edp 90 ML \u00fcr\u00fcn\u00fcn\u00fc sepetten \u00e7\u0131kar\" data-product_id=\"498\" data-product_sku=\"\">&times;<\/a>\t\t\t\t\t\t<\/td>\n\n\t\t\t\t\t\t<td class=\"product-thumbnail\">\n\t\t\t\t\t\t<a href=\"https:\/\/samiraparfumeri.com\/?product=my-burberry-blush-edp-90-ml\"><img decoding=\"async\" width=\"300\" height=\"300\" src=\"https:\/\/samiraparfumeri.com\/wp-content\/uploads\/2025\/06\/4-17-300x300.png\" class=\"attachment-woocommerce_thumbnail size-woocommerce_thumbnail\" alt=\"My Burberry Blush Edp 90 ML\" srcset=\"https:\/\/samiraparfumeri.com\/wp-content\/uploads\/2025\/06\/4-17-300x300.png 300w, https:\/\/samiraparfumeri.com\/wp-content\/uploads\/2025\/06\/4-17-150x150.png 150w, https:\/\/samiraparfumeri.com\/wp-content\/uploads\/2025\/06\/4-17-100x100.png 100w, https:\/\/samiraparfumeri.com\/wp-content\/uploads\/2025\/06\/4-17.png 514w\" sizes=\"(max-width: 300px) 100vw, 300px\" \/><\/a>\t\t\t\t\t\t<\/td>\n\n\t\t\t\t\t\t<td class=\"product-name\" data-title=\"\u00dcr\u00fcn\">\n\t\t\t\t\t\t<a href=\"https:\/\/samiraparfumeri.com\/?product=my-burberry-blush-edp-90-ml\">My Burberry Blush Edp 90 ML<\/a>\t\t\t\t\t\t<\/td>\n\n\t\t\t\t\t\t<td class=\"product-price\" data-title=\"Fiyat\">\n\t\t\t\t\t\t\t<span class=\"woocommerce-Price-amount amount\"><bdi><span class=\"woocommerce-Price-currencySymbol\">&#8378;<\/span>1.499,00<\/bdi><\/span>\t\t\t\t\t\t<\/td>\n\n\t\t\t\t\t\t<td class=\"product-quantity\" data-title=\"Miktar\">\n\t\t\t\t\t\t<div class=\"quantity\">\n\t\t<label class=\"screen-reader-text\" for=\"quantity_69e25d1897f81\">My Burberry Blush Edp 90 ML adet<\/label>\n\t<input\n\t\ttype=\"number\"\n\t\t\t\tid=\"quantity_69e25d1897f81\"\n\t\tclass=\"input-text qty text\"\n\t\tname=\"cart[05f971b5ec196b8c65b75d2ef8267331][qty]\"\n\t\tvalue=\"1\"\n\t\taria-label=\"\u00dcr\u00fcn miktar\u0131\"\n\t\t\t\tmin=\"0\"\n\t\tmax=\"\"\n\t\t\t\t\tstep=\"1\"\n\t\t\tplaceholder=\"\"\n\t\t\tinputmode=\"numeric\"\n\t\t\tautocomplete=\"off\"\n\t\t\t\/>\n\t<\/div>\n\t\t\t\t\t\t<\/td>\n\n\t\t\t\t\t\t<td class=\"product-subtotal\" data-title=\"Ara Toplam\">\n\t\t\t\t\t\t\t<span class=\"woocommerce-Price-amount amount\"><bdi><span class=\"woocommerce-Price-currencySymbol\">&#8378;<\/span>1.499,00<\/bdi><\/span>\t\t\t\t\t\t<\/td>\n\t\t\t\t\t<\/tr>\n\t\t\t\t\t\t\t\t\t\t<tr class=\"woocommerce-cart-form__cart-item cart_item\">\n\n\t\t\t\t\t\t<td class=\"product-remove\">\n\t\t\t\t\t\t\t<a href=\"https:\/\/samiraparfumeri.com\/?page_id=245&#038;remove_item=92c8c96e4c37100777c7190b76d28233&#038;_wpnonce=b07711eb9e\" class=\"remove\" aria-label=\"Jean Paul Gaultier Le Male EDT 125 ML \u00fcr\u00fcn\u00fcn\u00fc sepetten \u00e7\u0131kar\" data-product_id=\"280\" data-product_sku=\"\">&times;<\/a>\t\t\t\t\t\t<\/td>\n\n\t\t\t\t\t\t<td class=\"product-thumbnail\">\n\t\t\t\t\t\t<a href=\"https:\/\/samiraparfumeri.com\/?product=jean-paul-gaultier-le-male-edt-125-ml\"><img decoding=\"async\" width=\"300\" height=\"300\" src=\"https:\/\/samiraparfumeri.com\/wp-content\/uploads\/2025\/06\/1-11-300x300.png\" class=\"attachment-woocommerce_thumbnail size-woocommerce_thumbnail\" alt=\"Jean Paul Gaultier Le Male EDT 125 ML\" srcset=\"https:\/\/samiraparfumeri.com\/wp-content\/uploads\/2025\/06\/1-11-300x300.png 300w, https:\/\/samiraparfumeri.com\/wp-content\/uploads\/2025\/06\/1-11-150x150.png 150w, https:\/\/samiraparfumeri.com\/wp-content\/uploads\/2025\/06\/1-11-100x100.png 100w, https:\/\/samiraparfumeri.com\/wp-content\/uploads\/2025\/06\/1-11.png 514w\" sizes=\"(max-width: 300px) 100vw, 300px\" \/><\/a>\t\t\t\t\t\t<\/td>\n\n\t\t\t\t\t\t<td class=\"product-name\" data-title=\"\u00dcr\u00fcn\">\n\t\t\t\t\t\t<a href=\"https:\/\/samiraparfumeri.com\/?product=jean-paul-gaultier-le-male-edt-125-ml\">Jean Paul Gaultier Le Male EDT 125 ML<\/a>\t\t\t\t\t\t<\/td>\n\n\t\t\t\t\t\t<td class=\"product-price\" data-title=\"Fiyat\">\n\t\t\t\t\t\t\t<span class=\"woocommerce-Price-amount amount\"><bdi><span class=\"woocommerce-Price-currencySymbol\">&#8378;<\/span>1.499,00<\/bdi><\/span>\t\t\t\t\t\t<\/td>\n\n\t\t\t\t\t\t<td class=\"product-quantity\" data-title=\"Miktar\">\n\t\t\t\t\t\t<div class=\"quantity\">\n\t\t<label class=\"screen-reader-text\" for=\"quantity_69e25d1898476\">Jean Paul Gaultier Le Male EDT 125 ML adet<\/label>\n\t<input\n\t\ttype=\"number\"\n\t\t\t\tid=\"quantity_69e25d1898476\"\n\t\tclass=\"input-text qty text\"\n\t\tname=\"cart[92c8c96e4c37100777c7190b76d28233][qty]\"\n\t\tvalue=\"1\"\n\t\taria-label=\"\u00dcr\u00fcn miktar\u0131\"\n\t\t\t\tmin=\"0\"\n\t\tmax=\"\"\n\t\t\t\t\tstep=\"1\"\n\t\t\tplaceholder=\"\"\n\t\t\tinputmode=\"numeric\"\n\t\t\tautocomplete=\"off\"\n\t\t\t\/>\n\t<\/div>\n\t\t\t\t\t\t<\/td>\n\n\t\t\t\t\t\t<td class=\"product-subtotal\" data-title=\"Ara Toplam\">\n\t\t\t\t\t\t\t<span class=\"woocommerce-Price-amount amount\"><bdi><span class=\"woocommerce-Price-currencySymbol\">&#8378;<\/span>1.499,00<\/bdi><\/span>\t\t\t\t\t\t<\/td>\n\t\t\t\t\t<\/tr>\n\t\t\t\t\t\t\t\t\t\t<tr class=\"woocommerce-cart-form__cart-item cart_item\">\n\n\t\t\t\t\t\t<td class=\"product-remove\">\n\t\t\t\t\t\t\t<a href=\"https:\/\/samiraparfumeri.com\/?page_id=245&#038;remove_item=9c82c7143c102b71c593d98d96093fde&#038;_wpnonce=b07711eb9e\" class=\"remove\" aria-label=\"Giorgio Armani Acqua Di Gio Profumo EDP 125 ML \u00fcr\u00fcn\u00fcn\u00fc sepetten \u00e7\u0131kar\" data-product_id=\"706\" data-product_sku=\"\">&times;<\/a>\t\t\t\t\t\t<\/td>\n\n\t\t\t\t\t\t<td class=\"product-thumbnail\">\n\t\t\t\t\t\t<a href=\"https:\/\/samiraparfumeri.com\/?product=giorgio-armani-acqua-di-gio-profumo-edp-125-ml-2\"><img loading=\"lazy\" decoding=\"async\" width=\"300\" height=\"300\" src=\"https:\/\/samiraparfumeri.com\/wp-content\/uploads\/2025\/06\/1-25-300x300.png\" class=\"attachment-woocommerce_thumbnail size-woocommerce_thumbnail\" alt=\"Giorgio Armani Acqua Di Gio Profumo EDP 125 ML\" srcset=\"https:\/\/samiraparfumeri.com\/wp-content\/uploads\/2025\/06\/1-25-300x300.png 300w, https:\/\/samiraparfumeri.com\/wp-content\/uploads\/2025\/06\/1-25-150x150.png 150w, https:\/\/samiraparfumeri.com\/wp-content\/uploads\/2025\/06\/1-25-100x100.png 100w, https:\/\/samiraparfumeri.com\/wp-content\/uploads\/2025\/06\/1-25.png 514w\" sizes=\"(max-width: 300px) 100vw, 300px\" \/><\/a>\t\t\t\t\t\t<\/td>\n\n\t\t\t\t\t\t<td class=\"product-name\" data-title=\"\u00dcr\u00fcn\">\n\t\t\t\t\t\t<a href=\"https:\/\/samiraparfumeri.com\/?product=giorgio-armani-acqua-di-gio-profumo-edp-125-ml-2\">Giorgio Armani Acqua Di Gio Profumo EDP 125 ML<\/a>\t\t\t\t\t\t<\/td>\n\n\t\t\t\t\t\t<td class=\"product-price\" data-title=\"Fiyat\">\n\t\t\t\t\t\t\t<div class=\"awdr_cart_strikeout_line\"><del><span class=\"woocommerce-Price-amount amount\"><bdi><span class=\"woocommerce-Price-currencySymbol\">&#8378;<\/span>1.999,00<\/bdi><\/span><\/del>&nbsp;<ins><span class=\"woocommerce-Price-amount amount\"><bdi><span class=\"woocommerce-Price-currencySymbol\">&#8378;<\/span>0,00<\/bdi><\/span><\/ins><\/div>\t\t\t\t\t\t<\/td>\n\n\t\t\t\t\t\t<td class=\"product-quantity\" data-title=\"Miktar\">\n\t\t\t\t\t\t<div class=\"quantity\">\n\t\t<label class=\"screen-reader-text\" for=\"quantity_69e25d1898a2f\">Giorgio Armani Acqua Di Gio Profumo EDP 125 ML adet<\/label>\n\t<input\n\t\ttype=\"number\"\n\t\t\t\tid=\"quantity_69e25d1898a2f\"\n\t\tclass=\"input-text qty text\"\n\t\tname=\"cart[9c82c7143c102b71c593d98d96093fde][qty]\"\n\t\tvalue=\"1\"\n\t\taria-label=\"\u00dcr\u00fcn miktar\u0131\"\n\t\t\t\tmin=\"0\"\n\t\tmax=\"\"\n\t\t\t\t\tstep=\"1\"\n\t\t\tplaceholder=\"\"\n\t\t\tinputmode=\"numeric\"\n\t\t\tautocomplete=\"off\"\n\t\t\t\/>\n\t<\/div>\n\t\t\t\t\t\t<\/td>\n\n\t\t\t\t\t\t<td class=\"product-subtotal\" data-title=\"Ara Toplam\">\n\t\t\t\t\t\t\t<span class=\"woocommerce-Price-amount amount\"><bdi><span class=\"woocommerce-Price-currencySymbol\">&#8378;<\/span>0,00<\/bdi><\/span>\t\t\t\t\t\t<\/td>\n\t\t\t\t\t<\/tr>\n\t\t\t\t\t\n\t\t\t\n\t\t\t<tr>\n\t\t\t\t<td colspan=\"6\" class=\"actions\">\n\n\t\t\t\t\t\t\t\t\t\t\t<div class=\"coupon\">\n\t\t\t\t\t\t\t<label for=\"coupon_code\" class=\"screen-reader-text\">Kupon:<\/label> <input type=\"text\" name=\"coupon_code\" class=\"input-text\" id=\"coupon_code\" value=\"\" placeholder=\"Kupon Kodu\" \/> <button type=\"submit\" class=\"button\" name=\"apply_coupon\" value=\"Kupon kullan\">Kupon kullan<\/button>\n\t\t\t\t\t\t\t\t\t\t\t\t\t<\/div>\n\t\t\t\t\t\n\t\t\t\t\t<button type=\"submit\" class=\"button\" name=\"update_cart\" value=\"Sepeti g\u00fcncelle\">Sepeti g\u00fcncelle<\/button>\n\n\t\t\t\t\t\n\t\t\t\t\t<input type=\"hidden\" id=\"woocommerce-cart-nonce\" name=\"woocommerce-cart-nonce\" value=\"b07711eb9e\" \/><input type=\"hidden\" name=\"_wp_http_referer\" value=\"\/index.php?rest_route=%2Fwp%2Fv2%2Fpages%2F245\" \/>\t\t\t\t<\/td>\n\t\t\t<\/tr>\n\n\t\t\t\t\t<\/tbody>\n\t<\/table>\n\t<\/form>\n\n\n<div class=\"cart-collaterals\">\n\t<div class=\"cart_totals \">\n\n\t\n\t<h2>Sepet toplamlar\u0131<\/h2>\n\n\t<table cellspacing=\"0\" class=\"shop_table shop_table_responsive\">\n\n\t\t<tr class=\"cart-subtotal\">\n\t\t\t<th>Ara Toplam<\/th>\n\t\t\t<td data-title=\"Ara Toplam\"><span class=\"woocommerce-Price-amount amount\"><bdi><span class=\"woocommerce-Price-currencySymbol\">&#8378;<\/span>4.497,00<\/bdi><\/span><\/td>\n\t\t<\/tr>\n\n\t\t\n\t\t\n\t\t\n\t\t\n\t\t\n\t\t<tr class=\"order-total\">\n\t\t\t<th>Toplam<\/th>\n\t\t\t<td data-title=\"Toplam\"><strong><span class=\"woocommerce-Price-amount amount\"><bdi><span class=\"woocommerce-Price-currencySymbol\">&#8378;<\/span>4.497,00<\/bdi><\/span><\/strong> <small class=\"includes_tax\">(<span class=\"woocommerce-Price-amount amount\"><span class=\"woocommerce-Price-currencySymbol\">&#8378;<\/span>44,52<\/span> KDV dahil)<\/small><\/td>\n\t\t<\/tr>\n\n\t\t\n\t<\/table>\n\n\t<div class=\"wc-proceed-to-checkout\">\n\t\t\n<a href=\"https:\/\/samiraparfumeri.com\/?page_id=257\" class=\"checkout-button button alt wc-forward\">\n\t\u00d6deme sayfas\u0131na git<\/a>\n\t<\/div>\n\n\t\n<\/div>\n<\/div>\n\n<\/div><\/div><\/div>\n\t\t\t\t\t\t<\/div>\n\t\t\t\t<\/div>\n\t\t\t\t<\/div>\n\t\t\t\t\t<\/div>\n\t\t\t\t<\/div>\n\t\t\t\t<\/div>\n\t\t","protected":false},"excerpt":{"rendered":"<p>Sepetim<\/p>\n","protected":false},"author":1,"featured_media":0,"parent":0,"menu_order":0,"comment_status":"closed","ping_status":"closed","template":"","meta":{"_kad_post_transparent":"","_kad_post_title":"hide","_kad_post_layout":"fullwidth","_kad_post_sidebar_id":"","_kad_post_content_style":"unboxed","_kad_post_vertical_padding":"hide","_kad_post_feature":"hide","_kad_post_feature_position":"","_kad_post_header":false,"_kad_post_footer":false,"footnotes":""},"class_list":["post-245","page","type-page","status-publish","hentry"],"_links":{"self":[{"href":"https:\/\/samiraparfumeri.com\/index.php?rest_route=\/wp\/v2\/pages\/245","targetHints":{"allow":["GET"]}}],"collection":[{"href":"https:\/\/samiraparfumeri.com\/index.php?rest_route=\/wp\/v2\/pages"}],"about":[{"href":"https:\/\/samiraparfumeri.com\/index.php?rest_route=\/wp\/v2\/types\/page"}],"author":[{"embeddable":true,"href":"https:\/\/samiraparfumeri.com\/index.php?rest_route=\/wp\/v2\/users\/1"}],"replies":[{"embeddable":true,"href":"https:\/\/samiraparfumeri.com\/index.php?rest_route=%2Fwp%2Fv2%2Fcomments&post=245"}],"version-history":[{"count":5,"href":"https:\/\/samiraparfumeri.com\/index.php?rest_route=\/wp\/v2\/pages\/245\/revisions"}],"predecessor-version":[{"id":255,"href":"https:\/\/samiraparfumeri.com\/index.php?rest_route=\/wp\/v2\/pages\/245\/revisions\/255"}],"wp:attachment":[{"href":"https:\/\/samiraparfumeri.com\/index.php?rest_route=%2Fwp%2Fv2%2Fmedia&parent=245"}],"curies":[{"name":"wp","href":"https:\/\/api.w.org\/{rel}","templated":true}]}}