{"id":337,"date":"2025-06-13T10:55:30","date_gmt":"2025-06-13T07:55:30","guid":{"rendered":"https:\/\/samiraparfumeri.com\/?post_type=product&#038;p=337"},"modified":"2025-06-13T10:55:30","modified_gmt":"2025-06-13T07:55:30","slug":"chanel-bleu-de-chanel-edp-100-ml","status":"publish","type":"product","link":"https:\/\/samiraparfumeri.com\/?product=chanel-bleu-de-chanel-edp-100-ml","title":{"rendered":"Chanel Bleu De Chanel EDP 100 ML"},"content":{"rendered":"<p>Aromatik-odunsu karakteri ve dikkat \u00e7eken kokusu ile \u00f6zg\u00fcr erke\u011fe \u00f6vg\u00fc. Mavinin gizemli ve koyu bir tonundaki \u015fi\u015fesiyle zamandan ba\u011f\u0131ms\u0131z bir parf\u00fcm.Zarif kokusu ile BLEU DE CHANEL&#8217;in eau de parfum versiyonu, kararl\u0131l\u0131\u011f\u0131 simgeleyen bir karakteri ortaya \u00e7\u0131kar\u0131r.<\/p>\n","protected":false},"excerpt":{"rendered":"<p>Aromatik-odunsu karakteri ve dikkat \u00e7eken kokusu ile \u00f6zg\u00fcr erke\u011fe \u00f6vg\u00fc. Mavinin gizemli ve koyu bir tonundaki \u015fi\u015fesiyle zamandan ba\u011f\u0131ms\u0131z bir parf\u00fcm.Zarif kokusu ile BLEU DE CHANEL&#8217;in eau de parfum versiyonu, kararl\u0131l\u0131\u011f\u0131 simgeleyen bir karakteri ortaya \u00e7\u0131kar\u0131r.<\/p>\n","protected":false},"featured_media":338,"comment_status":"open","ping_status":"closed","template":"","meta":{"_kad_post_transparent":"default","_kad_post_title":"","_kad_post_layout":"default","_kad_post_sidebar_id":"","_kad_post_content_style":"default","_kad_post_vertical_padding":"default","_kad_post_feature":"","_kad_post_feature_position":"","_kad_post_header":false,"_kad_post_footer":false},"product_brand":[49],"product_cat":[21],"product_tag":[50,26,27,28],"class_list":{"0":"post-337","1":"product","2":"type-product","3":"status-publish","4":"has-post-thumbnail","6":"product_brand-chanel","7":"product_cat-erkek","8":"product_tag-chanel","9":"product_tag-erkek-parfum","10":"product_tag-luks-koku","11":"product_tag-orijinal-urun","13":"first","14":"instock","15":"sale","16":"taxable","17":"shipping-taxable","18":"purchasable","19":"product-type-simple","20":"entry","21":"content-bg","22":"loop-entry"},"_links":{"self":[{"href":"https:\/\/samiraparfumeri.com\/index.php?rest_route=\/wp\/v2\/product\/337","targetHints":{"allow":["GET"]}}],"collection":[{"href":"https:\/\/samiraparfumeri.com\/index.php?rest_route=\/wp\/v2\/product"}],"about":[{"href":"https:\/\/samiraparfumeri.com\/index.php?rest_route=\/wp\/v2\/types\/product"}],"replies":[{"embeddable":true,"href":"https:\/\/samiraparfumeri.com\/index.php?rest_route=%2Fwp%2Fv2%2Fcomments&post=337"}],"wp:featuredmedia":[{"embeddable":true,"href":"https:\/\/samiraparfumeri.com\/index.php?rest_route=\/wp\/v2\/media\/338"}],"wp:attachment":[{"href":"https:\/\/samiraparfumeri.com\/index.php?rest_route=%2Fwp%2Fv2%2Fmedia&parent=337"}],"wp:term":[{"taxonomy":"product_brand","embeddable":true,"href":"https:\/\/samiraparfumeri.com\/index.php?rest_route=%2Fwp%2Fv2%2Fproduct_brand&post=337"},{"taxonomy":"product_cat","embeddable":true,"href":"https:\/\/samiraparfumeri.com\/index.php?rest_route=%2Fwp%2Fv2%2Fproduct_cat&post=337"},{"taxonomy":"product_tag","embeddable":true,"href":"https:\/\/samiraparfumeri.com\/index.php?rest_route=%2Fwp%2Fv2%2Fproduct_tag&post=337"}],"curies":[{"name":"wp","href":"https:\/\/api.w.org\/{rel}","templated":true}]}}