{"id":342,"date":"2025-06-13T11:03:34","date_gmt":"2025-06-13T08:03:34","guid":{"rendered":"https:\/\/samiraparfumeri.com\/?post_type=product&#038;p=342"},"modified":"2025-06-13T11:03:34","modified_gmt":"2025-06-13T08:03:34","slug":"dolce-gabbana-the-one-edp-100-ml","status":"publish","type":"product","link":"https:\/\/samiraparfumeri.com\/?product=dolce-gabbana-the-one-edp-100-ml","title":{"rendered":"Dolce Gabbana The One EDP 100 ML"},"content":{"rendered":"<div class=\"product-detail-tab-row active\">\n<div class=\"active\" data-tab-content=\"1\">\n<div class=\"product-detail\">Dolce &amp; Gabbana The One for Men, zarif, \u015fehvetli, modern ama ayn\u0131 zamanda e\u015fsiz, zamans\u0131z bir klasiktir.<br \/>\nKoku Dolce &amp; Gabbana erke\u011fini m\u00fckemmel bir \u015fekilde yans\u0131t\u0131r: karizmatik ve ba\u015ftan \u00e7\u0131kar\u0131c\u0131, zarif ve sofistike, kendine dikkat etmeyi sever.<br \/>\nBu baharatl\u0131 oryantal koku, greyfurt, ki\u015fni\u015f ve fesle\u011fen taze \u00fcst notalara sahiptir. Kalp notas\u0131nda kakule ve zencefil, ve derin mask\u00fclen alt notalar\u0131nda t\u00fct\u00fcn, sedir a\u011fac\u0131 ile birlikte ambersi notalar bulunur.<br \/>\nKoku Ailesi: Oryantal Baharatl\u0131<\/div>\n<\/div>\n<\/div>\n<div class=\"product-detail-tab-row\">\n<div class=\"\" data-tab-content=\"2\">\n<div id=\"product-detail-comments\">\n<div class=\"product-detail-comments-info\">\n<div class=\"row\"><\/div>\n<\/div>\n<\/div>\n<\/div>\n<\/div>\n","protected":false},"excerpt":{"rendered":"<p>Dolce &amp; Gabbana The One for Men, zarif, \u015fehvetli, modern ama ayn\u0131 zamanda e\u015fsiz, zamans\u0131z bir klasiktir. Koku Dolce &amp; Gabbana erke\u011fini m\u00fckemmel bir \u015fekilde yans\u0131t\u0131r: karizmatik ve ba\u015ftan \u00e7\u0131kar\u0131c\u0131, zarif ve sofistike, kendine dikkat etmeyi sever. Bu baharatl\u0131 oryantal koku, greyfurt, ki\u015fni\u015f ve fesle\u011fen taze \u00fcst notalara sahiptir. Kalp notas\u0131nda kakule ve zencefil, ve&#8230;<\/p>\n","protected":false},"featured_media":343,"comment_status":"open","ping_status":"closed","template":"","meta":{"_kad_post_transparent":"default","_kad_post_title":"","_kad_post_layout":"default","_kad_post_sidebar_id":"","_kad_post_content_style":"default","_kad_post_vertical_padding":"default","_kad_post_feature":"","_kad_post_feature_position":"","_kad_post_header":false,"_kad_post_footer":false},"product_brand":[47],"product_cat":[21],"product_tag":[48,26,27,28],"class_list":{"0":"post-342","1":"product","2":"type-product","3":"status-publish","4":"has-post-thumbnail","6":"product_brand-dg","7":"product_cat-erkek","8":"product_tag-dg","9":"product_tag-erkek-parfum","10":"product_tag-luks-koku","11":"product_tag-orijinal-urun","13":"first","14":"instock","15":"sale","16":"taxable","17":"shipping-taxable","18":"purchasable","19":"product-type-simple","20":"entry","21":"content-bg","22":"loop-entry"},"_links":{"self":[{"href":"https:\/\/samiraparfumeri.com\/index.php?rest_route=\/wp\/v2\/product\/342","targetHints":{"allow":["GET"]}}],"collection":[{"href":"https:\/\/samiraparfumeri.com\/index.php?rest_route=\/wp\/v2\/product"}],"about":[{"href":"https:\/\/samiraparfumeri.com\/index.php?rest_route=\/wp\/v2\/types\/product"}],"replies":[{"embeddable":true,"href":"https:\/\/samiraparfumeri.com\/index.php?rest_route=%2Fwp%2Fv2%2Fcomments&post=342"}],"wp:featuredmedia":[{"embeddable":true,"href":"https:\/\/samiraparfumeri.com\/index.php?rest_route=\/wp\/v2\/media\/343"}],"wp:attachment":[{"href":"https:\/\/samiraparfumeri.com\/index.php?rest_route=%2Fwp%2Fv2%2Fmedia&parent=342"}],"wp:term":[{"taxonomy":"product_brand","embeddable":true,"href":"https:\/\/samiraparfumeri.com\/index.php?rest_route=%2Fwp%2Fv2%2Fproduct_brand&post=342"},{"taxonomy":"product_cat","embeddable":true,"href":"https:\/\/samiraparfumeri.com\/index.php?rest_route=%2Fwp%2Fv2%2Fproduct_cat&post=342"},{"taxonomy":"product_tag","embeddable":true,"href":"https:\/\/samiraparfumeri.com\/index.php?rest_route=%2Fwp%2Fv2%2Fproduct_tag&post=342"}],"curies":[{"name":"wp","href":"https:\/\/api.w.org\/{rel}","templated":true}]}}