{"id":469,"date":"2025-06-13T15:25:40","date_gmt":"2025-06-13T12:25:40","guid":{"rendered":"https:\/\/samiraparfumeri.com\/?post_type=product&#038;p=469"},"modified":"2025-06-13T15:25:40","modified_gmt":"2025-06-13T12:25:40","slug":"carolina-herrera-good-girl-blush-edp-80-ml","status":"publish","type":"product","link":"https:\/\/samiraparfumeri.com\/?product=carolina-herrera-good-girl-blush-edp-80-ml","title":{"rendered":"Carolina Herrera Good Girl Blush EDP 80 ML"},"content":{"rendered":"<p>\u015eehvetli ve g\u00fc\u00e7l\u00fc, romantik ve g\u00fc\u00e7lendirilmi\u015f, pembe olmak \u00e7ok g\u00fczel.<br \/>\n<b>MODERN KADINLI\u011eIN SEMBOL\u00dc<\/b><br \/>\n\u0130konik Good Girl kokusu, modern bir kad\u0131n\u0131n bir\u00e7ok y\u00f6n\u00fcn\u00fc b\u00fcnyesinde bar\u0131nd\u0131ran \u00e7i\u00e7eksi pudral\u0131 bir parf\u00fcm olarak yeniden tasarland\u0131. Egzotik ylang ylang ve g\u00fcl suyundan yap\u0131lan \u015fakay\u0131k kalp notalar\u0131na sahip romantik parf\u00fcm, \u015fehvetli bir vanilya taban\u0131yla kontrast olu\u015fturuyor. Pudral\u0131 kokunun hissiyat\u0131n\u0131 vurgulamak i\u00e7in; yine pudral\u0131 pembe tonlar\u0131nda koku ile uyumlu seksi stiletto \u015fi\u015fe m\u00fckemmel uyum g\u00f6steriyor.<\/p>\n<p><b>TAZE VE \u00c7\u0130\u00c7EKS\u0130 B\u0130R PATLAMA<\/b><br \/>\nGood Girl Blush Eau de Parfum, pudral\u0131 bir ifadesi sunan taze ve \u00e7i\u00e7eksi bir kontrast patlamas\u0131d\u0131r. \u0130konik Good Girl kokusunun bu \u0131\u015f\u0131lt\u0131l\u0131 yeniden icad\u0131, artt\u0131r\u0131lm\u0131\u015f Vanilya ve Ylang Ylang ve narin pastel pembe stiletto \u015fi\u015fe uyumu.<\/p>\n<p><b>\u0130KON\u0130K ST\u0130LETTO<\/b><br \/>\n\u0130konik Good Girl stiletto, g\u00fc\u00e7lendirilmi\u015f alt\u0131n stiletto topukla kontrast olu\u015fturan narin pastel pembe tonunda taze bir romantizm sunuyor<\/p>\n","protected":false},"excerpt":{"rendered":"<p>\u015eehvetli ve g\u00fc\u00e7l\u00fc, romantik ve g\u00fc\u00e7lendirilmi\u015f, pembe olmak \u00e7ok g\u00fczel. MODERN KADINLI\u011eIN SEMBOL\u00dc \u0130konik Good Girl kokusu, modern bir kad\u0131n\u0131n bir\u00e7ok y\u00f6n\u00fcn\u00fc b\u00fcnyesinde bar\u0131nd\u0131ran \u00e7i\u00e7eksi pudral\u0131 bir parf\u00fcm olarak yeniden tasarland\u0131. Egzotik ylang ylang ve g\u00fcl suyundan yap\u0131lan \u015fakay\u0131k kalp notalar\u0131na sahip romantik parf\u00fcm, \u015fehvetli bir vanilya taban\u0131yla kontrast olu\u015fturuyor. Pudral\u0131 kokunun hissiyat\u0131n\u0131 vurgulamak i\u00e7in;&#8230;<\/p>\n","protected":false},"featured_media":470,"comment_status":"open","ping_status":"closed","template":"","meta":{"_kad_post_transparent":"default","_kad_post_title":"","_kad_post_layout":"default","_kad_post_sidebar_id":"","_kad_post_content_style":"default","_kad_post_vertical_padding":"default","_kad_post_feature":"","_kad_post_feature_position":"","_kad_post_header":false,"_kad_post_footer":false},"product_brand":[74],"product_cat":[20],"product_tag":[75,58,27,28],"class_list":{"0":"post-469","1":"product","2":"type-product","3":"status-publish","4":"has-post-thumbnail","6":"product_brand-carolina-herrera","7":"product_cat-kadin","8":"product_tag-carolina-herrera","9":"product_tag-kadin-parfum","10":"product_tag-luks-koku","11":"product_tag-orijinal-urun","13":"first","14":"instock","15":"sale","16":"taxable","17":"shipping-taxable","18":"purchasable","19":"product-type-simple","20":"entry","21":"content-bg","22":"loop-entry"},"_links":{"self":[{"href":"https:\/\/samiraparfumeri.com\/index.php?rest_route=\/wp\/v2\/product\/469","targetHints":{"allow":["GET"]}}],"collection":[{"href":"https:\/\/samiraparfumeri.com\/index.php?rest_route=\/wp\/v2\/product"}],"about":[{"href":"https:\/\/samiraparfumeri.com\/index.php?rest_route=\/wp\/v2\/types\/product"}],"replies":[{"embeddable":true,"href":"https:\/\/samiraparfumeri.com\/index.php?rest_route=%2Fwp%2Fv2%2Fcomments&post=469"}],"wp:featuredmedia":[{"embeddable":true,"href":"https:\/\/samiraparfumeri.com\/index.php?rest_route=\/wp\/v2\/media\/470"}],"wp:attachment":[{"href":"https:\/\/samiraparfumeri.com\/index.php?rest_route=%2Fwp%2Fv2%2Fmedia&parent=469"}],"wp:term":[{"taxonomy":"product_brand","embeddable":true,"href":"https:\/\/samiraparfumeri.com\/index.php?rest_route=%2Fwp%2Fv2%2Fproduct_brand&post=469"},{"taxonomy":"product_cat","embeddable":true,"href":"https:\/\/samiraparfumeri.com\/index.php?rest_route=%2Fwp%2Fv2%2Fproduct_cat&post=469"},{"taxonomy":"product_tag","embeddable":true,"href":"https:\/\/samiraparfumeri.com\/index.php?rest_route=%2Fwp%2Fv2%2Fproduct_tag&post=469"}],"curies":[{"name":"wp","href":"https:\/\/api.w.org\/{rel}","templated":true}]}}