{"id":473,"date":"2025-06-13T15:31:10","date_gmt":"2025-06-13T12:31:10","guid":{"rendered":"https:\/\/samiraparfumeri.com\/?post_type=product&#038;p=473"},"modified":"2025-06-13T15:31:10","modified_gmt":"2025-06-13T12:31:10","slug":"lancome-idole-edp-75-ml","status":"publish","type":"product","link":"https:\/\/samiraparfumeri.com\/?product=lancome-idole-edp-75-ml","title":{"rendered":"Lancome Idole EDP 75 ML"},"content":{"rendered":"<p><strong>GELECEKTE \u00dcRET\u0130LEN KOKU.<\/strong><br \/>\nHer an\u0131n bir sembol\u00fc vard\u0131r. Id\u00f4le Eau de Parfum, d\u00fcnyan\u0131n d\u00f6rt bir yan\u0131ndaki yeni nesil gen\u00e7 kad\u0131nlar i\u00e7in yolculu\u011fa kat\u0131lma \u00e7a\u011fr\u0131s\u0131d\u0131r. T\u0131pk\u0131 Id\u00f4le Eau de parfum gibi taze ve korkusuz. Yolculu\u011fa kat\u0131lacak m\u0131s\u0131n\u0131z?<br \/>\nHarika parf\u00fcmler, zaman\u0131n ruhunu harekete ge\u00e7irebilir ve yeni d\u00f6nemleri tan\u0131mlayabilir. Id\u00f4le tam da bunun i\u00e7in geldi. Id\u00f4le, kokunun yerle\u015fik kodlar\u0131n\u0131 y\u0131karak yeni bir ruhun \u00f6z\u00fcn\u00fc hayata ge\u00e7iriyor:<br \/>\nYeni nesil kad\u0131nlar\u0131n g\u00fcc\u00fcn\u00fc \u00f6zetleyen, \u00f6z\u00fcr dilemeyen bir koku.<br \/>\n\u00dc\u00e7 ola\u011fan\u00fcst\u00fc bile\u015fenle desteklenen benzersiz bir koku. \u0130rade kadar keskin dinamik bir siluete sahip, alt\u0131n bir zincirle korunan, kad\u0131nlar\u0131n iradesinin ve kararl\u0131l\u0131\u011f\u0131n\u0131n sembol\u00fc bir parf\u00fcm \u015fi\u015fesi.<br \/>\n\u015ei\u015fe, kenarlar\u0131ndan bizi ayd\u0131nlat\u0131yor ve i\u00e7imizdeki en iyiyi yans\u0131t\u0131yor.<br \/>\n<strong>Birlikte yeni bir yolculu\u011fa ba\u015flama \u015fans\u0131,<\/strong><br \/>\n<strong>FARK YARATAN NED\u0130R<\/strong><br \/>\nTemiz ve \u0131\u015f\u0131lt\u0131l\u0131 ba\u011f\u0131ml\u0131l\u0131k yolda, her kad\u0131n\u0131n kendi halesini, kendi \u0131\u015f\u0131lt\u0131s\u0131n\u0131 ortaya \u00e7\u0131karmas\u0131n\u0131 sa\u011fl\u0131yor. \u00dc\u00e7 farkl\u0131 k\u0131tadan \u00fc\u00e7 hevesli ve kararl\u0131 kad\u0131n parf\u00fcmc\u00fc bir araya geldi<br \/>\nbu benzersiz g\u00fcl, yasemin ve \u015fipre kokusunu yaratmak i\u00e7in.<br \/>\nBirlikte, Id\u00f4le&#8217;yi evrensel bir parf\u00fcm haline getirdiler. Kad\u0131nlar taraf\u0131ndan, kad\u0131nlar i\u00e7in \u00fcretilen Id\u00f4le, s\u00fcrd\u00fcr\u00fclebilir kaynakl\u0131 parf\u00fcm bile\u015fenleri sayesinde topluluklara sayg\u0131 duyuyor.<\/p>\n<p><strong>B\u0130LMEN\u0130Z GEREKEN D\u0130\u011eER \u015eEYLER<\/strong><br \/>\nId\u00f4le hala en ince olan\u0131d\u0131r ama \u015fimdi en g\u00fc\u00e7l\u00fcs\u00fc oluyor. Id\u00f4le, bir neslin umudunu yans\u0131tarak, \u00f6n\u00fcm\u00fczde \u015fiddetle duruyor. Eski d\u00fcnyadan kurtulmu\u015f olan Id\u00f4le, hayallerinizle uzla\u015fmayan bir koku.<br \/>\nToplu ba\u015far\u0131n\u0131n bu sembol\u00fcn\u00fcn merkezinde, canl\u0131 bir kalbi ortaya \u00e7\u0131karan keskin bir hale var. \u0130\u00e7eriden gelen bir \u015fi\u015fe, yeni bir zihin \u00e7er\u00e7evesi, \u015fi\u015fenin \u00f6n\u00fcm\u00fczde dik durmas\u0131n\u0131 sa\u011flayan ince ve cesur bir tasar\u0131m.<br \/>\nId\u00f4le mantralar\u0131n\u0131 y\u00fcksek ve net bir \u015fekilde, dairesel patlay\u0131c\u0131 bir \u015fekilde, bir megafon gibi hayk\u0131ran bir d\u0131\u015f paket: bir Id\u00f4le olarak do\u011fmazs\u0131n\u0131z ama bir olacaks\u0131n\u0131z \u00e7\u00fcnk\u00fc birlikte daha g\u00fc\u00e7l\u00fcy\u00fcz, birlikte oluruz, birlikte hepimiz Id\u00f4le&#8217;leriz.<\/p>\n","protected":false},"excerpt":{"rendered":"<p>GELECEKTE \u00dcRET\u0130LEN KOKU. Her an\u0131n bir sembol\u00fc vard\u0131r. Id\u00f4le Eau de Parfum, d\u00fcnyan\u0131n d\u00f6rt bir yan\u0131ndaki yeni nesil gen\u00e7 kad\u0131nlar i\u00e7in yolculu\u011fa kat\u0131lma \u00e7a\u011fr\u0131s\u0131d\u0131r. T\u0131pk\u0131 Id\u00f4le Eau de parfum gibi taze ve korkusuz. Yolculu\u011fa kat\u0131lacak m\u0131s\u0131n\u0131z? Harika parf\u00fcmler, zaman\u0131n ruhunu harekete ge\u00e7irebilir ve yeni d\u00f6nemleri tan\u0131mlayabilir. Id\u00f4le tam da bunun i\u00e7in geldi. Id\u00f4le, kokunun yerle\u015fik&#8230;<\/p>\n","protected":false},"featured_media":474,"comment_status":"open","ping_status":"closed","template":"","meta":{"_kad_post_transparent":"default","_kad_post_title":"","_kad_post_layout":"default","_kad_post_sidebar_id":"","_kad_post_content_style":"default","_kad_post_vertical_padding":"default","_kad_post_feature":"","_kad_post_feature_position":"","_kad_post_header":false,"_kad_post_footer":false},"product_brand":[64],"product_cat":[20],"product_tag":[58,65,27,28],"class_list":{"0":"post-473","1":"product","2":"type-product","3":"status-publish","4":"has-post-thumbnail","6":"product_brand-lancome","7":"product_cat-kadin","8":"product_tag-kadin-parfum","9":"product_tag-lancome","10":"product_tag-luks-koku","11":"product_tag-orijinal-urun","13":"first","14":"instock","15":"sale","16":"taxable","17":"shipping-taxable","18":"purchasable","19":"product-type-simple","20":"entry","21":"content-bg","22":"loop-entry"},"_links":{"self":[{"href":"https:\/\/samiraparfumeri.com\/index.php?rest_route=\/wp\/v2\/product\/473","targetHints":{"allow":["GET"]}}],"collection":[{"href":"https:\/\/samiraparfumeri.com\/index.php?rest_route=\/wp\/v2\/product"}],"about":[{"href":"https:\/\/samiraparfumeri.com\/index.php?rest_route=\/wp\/v2\/types\/product"}],"replies":[{"embeddable":true,"href":"https:\/\/samiraparfumeri.com\/index.php?rest_route=%2Fwp%2Fv2%2Fcomments&post=473"}],"wp:featuredmedia":[{"embeddable":true,"href":"https:\/\/samiraparfumeri.com\/index.php?rest_route=\/wp\/v2\/media\/474"}],"wp:attachment":[{"href":"https:\/\/samiraparfumeri.com\/index.php?rest_route=%2Fwp%2Fv2%2Fmedia&parent=473"}],"wp:term":[{"taxonomy":"product_brand","embeddable":true,"href":"https:\/\/samiraparfumeri.com\/index.php?rest_route=%2Fwp%2Fv2%2Fproduct_brand&post=473"},{"taxonomy":"product_cat","embeddable":true,"href":"https:\/\/samiraparfumeri.com\/index.php?rest_route=%2Fwp%2Fv2%2Fproduct_cat&post=473"},{"taxonomy":"product_tag","embeddable":true,"href":"https:\/\/samiraparfumeri.com\/index.php?rest_route=%2Fwp%2Fv2%2Fproduct_tag&post=473"}],"curies":[{"name":"wp","href":"https:\/\/api.w.org\/{rel}","templated":true}]}}