{"id":513,"date":"2025-06-13T17:11:31","date_gmt":"2025-06-13T14:11:31","guid":{"rendered":"https:\/\/samiraparfumeri.com\/?post_type=product&#038;p=513"},"modified":"2025-06-13T17:11:31","modified_gmt":"2025-06-13T14:11:31","slug":"givenchy-l-interdit-edp-80-ml","status":"publish","type":"product","link":"https:\/\/samiraparfumeri.com\/?product=givenchy-l-interdit-edp-80-ml","title":{"rendered":"Givenchy L Interdit EDP 80 ML"},"content":{"rendered":"<p>Usta parf\u00fcm\u00f6rler Dominique Ropion, Anne Flipo ve Fanny Bal taraf\u0131ndan tasarlanan, L&#8217;Interdit i\u00e7eri\u011findeki beyaz \u00e7i\u00e7ek buketi portakal \u00e7i\u00e7e\u011fi, yasemin ve s\u00fcmb\u00fclteberin m\u00fcthi\u015f uyumundan olu\u015fuyor. Beyaz notalara z\u0131t olarak vetiver ve pa\u00e7uli topraks\u0131 koyu notalar\u0131 olu\u015fturur.<\/p>\n","protected":false},"excerpt":{"rendered":"<p>Usta parf\u00fcm\u00f6rler Dominique Ropion, Anne Flipo ve Fanny Bal taraf\u0131ndan tasarlanan, L&#8217;Interdit i\u00e7eri\u011findeki beyaz \u00e7i\u00e7ek buketi portakal \u00e7i\u00e7e\u011fi, yasemin ve s\u00fcmb\u00fclteberin m\u00fcthi\u015f uyumundan olu\u015fuyor. Beyaz notalara z\u0131t olarak vetiver ve pa\u00e7uli topraks\u0131 koyu notalar\u0131 olu\u015fturur.<\/p>\n","protected":false},"featured_media":514,"comment_status":"open","ping_status":"closed","template":"","meta":{"_kad_post_transparent":"default","_kad_post_title":"","_kad_post_layout":"default","_kad_post_sidebar_id":"","_kad_post_content_style":"default","_kad_post_vertical_padding":"default","_kad_post_feature":"","_kad_post_feature_position":"","_kad_post_header":false,"_kad_post_footer":false},"product_brand":[82],"product_cat":[20],"product_tag":[83,58,27,28],"class_list":{"0":"post-513","1":"product","2":"type-product","3":"status-publish","4":"has-post-thumbnail","6":"product_brand-givenchy","7":"product_cat-kadin","8":"product_tag-givenchy","9":"product_tag-kadin-parfum","10":"product_tag-luks-koku","11":"product_tag-orijinal-urun","13":"first","14":"instock","15":"sale","16":"taxable","17":"shipping-taxable","18":"purchasable","19":"product-type-simple","20":"entry","21":"content-bg","22":"loop-entry"},"_links":{"self":[{"href":"https:\/\/samiraparfumeri.com\/index.php?rest_route=\/wp\/v2\/product\/513","targetHints":{"allow":["GET"]}}],"collection":[{"href":"https:\/\/samiraparfumeri.com\/index.php?rest_route=\/wp\/v2\/product"}],"about":[{"href":"https:\/\/samiraparfumeri.com\/index.php?rest_route=\/wp\/v2\/types\/product"}],"replies":[{"embeddable":true,"href":"https:\/\/samiraparfumeri.com\/index.php?rest_route=%2Fwp%2Fv2%2Fcomments&post=513"}],"wp:featuredmedia":[{"embeddable":true,"href":"https:\/\/samiraparfumeri.com\/index.php?rest_route=\/wp\/v2\/media\/514"}],"wp:attachment":[{"href":"https:\/\/samiraparfumeri.com\/index.php?rest_route=%2Fwp%2Fv2%2Fmedia&parent=513"}],"wp:term":[{"taxonomy":"product_brand","embeddable":true,"href":"https:\/\/samiraparfumeri.com\/index.php?rest_route=%2Fwp%2Fv2%2Fproduct_brand&post=513"},{"taxonomy":"product_cat","embeddable":true,"href":"https:\/\/samiraparfumeri.com\/index.php?rest_route=%2Fwp%2Fv2%2Fproduct_cat&post=513"},{"taxonomy":"product_tag","embeddable":true,"href":"https:\/\/samiraparfumeri.com\/index.php?rest_route=%2Fwp%2Fv2%2Fproduct_tag&post=513"}],"curies":[{"name":"wp","href":"https:\/\/api.w.org\/{rel}","templated":true}]}}