{"id":517,"date":"2025-06-13T17:14:14","date_gmt":"2025-06-13T14:14:14","guid":{"rendered":"https:\/\/samiraparfumeri.com\/?post_type=product&#038;p=517"},"modified":"2025-06-13T17:14:15","modified_gmt":"2025-06-13T14:14:15","slug":"givenchy-irresistible-edp-80-ml","status":"publish","type":"product","link":"https:\/\/samiraparfumeri.com\/?product=givenchy-irresistible-edp-80-ml","title":{"rendered":"Givenchy Irresistible EDP 80 ML"},"content":{"rendered":"<p>IRRESISTIBLE GIVENCHY, sizi kararl\u0131 bir \u015fekilde \u00f6zg\u00fcr olmaya davet eden bir parf\u00fcm. Manyetik cazibesi ile bizi \u00f6zg\u00fcrle\u015ftirici dalgalarla bir \u00e7\u0131k\u0131\u015f dans\u0131na \u00e7eken kar\u015f\u0131 konulmaz bir kad\u0131n\u0131n kokusu. Kendili\u011finden ba\u015ftan \u00e7\u0131karmaya ve kendiniz olma \u00f6zg\u00fcrl\u00fc\u011f\u00fcne davet.<\/p>\n<p>KOKU NOTALARI<br \/>\nParlak sar\u0131 bir ah\u015fab\u0131n tonlar\u0131yla dans eden co\u015fkulu bir g\u00fcl. Kokuya canl\u0131l\u0131k veren armut ve amberin \u0131\u015f\u0131lt\u0131l\u0131 notalar\u0131.<br \/>\nUsta parf\u00fcm\u00f6rler Fanny Bal, Dominique Ropion ve Anne Flipo&#8217;nun imzas\u0131 olan bu meyvemsi \u00e7i\u00e7eksi odunsu koku, \u00e7ekicilik ve kad\u0131nl\u0131k konsantresidir.<\/p>\n<p>\u015e\u0130\u015eE<br \/>\nPrizman\u0131n anahtar kodlar\u0131n\u0131 yeniden yorumlayan \u015fehvetli ve yuvarlak a\u00e7\u0131lara sahip kare bir siluet. \u0130nce, narin, zarif \u00e7izgiler. T\u00fcm \u015feffafl\u0131\u011f\u0131yla prizma \u015fekilli cam, parlak bir suyun pembemsi tonunu incelikle sunar. Ultra kad\u0131ns\u0131, pembe bir kurdele bu kararl\u0131 Couture \u015fi\u015fenin kapa\u011f\u0131n\u0131n alt\u0131n\u0131 sarar.<\/p>\n","protected":false},"excerpt":{"rendered":"<p>IRRESISTIBLE GIVENCHY, sizi kararl\u0131 bir \u015fekilde \u00f6zg\u00fcr olmaya davet eden bir parf\u00fcm. Manyetik cazibesi ile bizi \u00f6zg\u00fcrle\u015ftirici dalgalarla bir \u00e7\u0131k\u0131\u015f dans\u0131na \u00e7eken kar\u015f\u0131 konulmaz bir kad\u0131n\u0131n kokusu. Kendili\u011finden ba\u015ftan \u00e7\u0131karmaya ve kendiniz olma \u00f6zg\u00fcrl\u00fc\u011f\u00fcne davet. KOKU NOTALARI Parlak sar\u0131 bir ah\u015fab\u0131n tonlar\u0131yla dans eden co\u015fkulu bir g\u00fcl. Kokuya canl\u0131l\u0131k veren armut ve amberin \u0131\u015f\u0131lt\u0131l\u0131 notalar\u0131&#8230;.<\/p>\n","protected":false},"featured_media":518,"comment_status":"open","ping_status":"closed","template":"","meta":{"_kad_post_transparent":"default","_kad_post_title":"","_kad_post_layout":"default","_kad_post_sidebar_id":"","_kad_post_content_style":"default","_kad_post_vertical_padding":"default","_kad_post_feature":"","_kad_post_feature_position":"","_kad_post_header":false,"_kad_post_footer":false},"product_brand":[82],"product_cat":[20],"product_tag":[83,58,27,28],"class_list":{"0":"post-517","1":"product","2":"type-product","3":"status-publish","4":"has-post-thumbnail","6":"product_brand-givenchy","7":"product_cat-kadin","8":"product_tag-givenchy","9":"product_tag-kadin-parfum","10":"product_tag-luks-koku","11":"product_tag-orijinal-urun","13":"first","14":"instock","15":"sale","16":"taxable","17":"shipping-taxable","18":"purchasable","19":"product-type-simple","20":"entry","21":"content-bg","22":"loop-entry"},"_links":{"self":[{"href":"https:\/\/samiraparfumeri.com\/index.php?rest_route=\/wp\/v2\/product\/517","targetHints":{"allow":["GET"]}}],"collection":[{"href":"https:\/\/samiraparfumeri.com\/index.php?rest_route=\/wp\/v2\/product"}],"about":[{"href":"https:\/\/samiraparfumeri.com\/index.php?rest_route=\/wp\/v2\/types\/product"}],"replies":[{"embeddable":true,"href":"https:\/\/samiraparfumeri.com\/index.php?rest_route=%2Fwp%2Fv2%2Fcomments&post=517"}],"wp:featuredmedia":[{"embeddable":true,"href":"https:\/\/samiraparfumeri.com\/index.php?rest_route=\/wp\/v2\/media\/518"}],"wp:attachment":[{"href":"https:\/\/samiraparfumeri.com\/index.php?rest_route=%2Fwp%2Fv2%2Fmedia&parent=517"}],"wp:term":[{"taxonomy":"product_brand","embeddable":true,"href":"https:\/\/samiraparfumeri.com\/index.php?rest_route=%2Fwp%2Fv2%2Fproduct_brand&post=517"},{"taxonomy":"product_cat","embeddable":true,"href":"https:\/\/samiraparfumeri.com\/index.php?rest_route=%2Fwp%2Fv2%2Fproduct_cat&post=517"},{"taxonomy":"product_tag","embeddable":true,"href":"https:\/\/samiraparfumeri.com\/index.php?rest_route=%2Fwp%2Fv2%2Fproduct_tag&post=517"}],"curies":[{"name":"wp","href":"https:\/\/api.w.org\/{rel}","templated":true}]}}