{"id":552,"date":"2025-06-13T18:04:48","date_gmt":"2025-06-13T15:04:48","guid":{"rendered":"https:\/\/samiraparfumeri.com\/?post_type=product&#038;p=552"},"modified":"2025-06-13T18:04:48","modified_gmt":"2025-06-13T15:04:48","slug":"prada-paradoxe-edp-90-ml","status":"publish","type":"product","link":"https:\/\/samiraparfumeri.com\/?product=prada-paradoxe-edp-90-ml","title":{"rendered":"Prada Paradoxe EDP 90 ML"},"content":{"rendered":"<p><strong>Prada Paradoxe Eau de Parfum<\/strong>, Prada&#8217;n\u0131n yeni ikonik imzas\u0131.\u00c7i\u00e7eksi kokusuyla kad\u0131nlar\u0131n \u00e7ok boyutlu paradokslar\u0131n\u0131 ke\u015ffetmeleri i\u00e7in bir davetiye. Asla ayn\u0131 olmaman\u0131n ve her zaman kendin olman\u0131n kutlamas\u0131.<br \/>\n\u0130konik i\u00e7eriklerin paradokslar\u0131n\u0131 ortaya \u00e7\u0131karan esanslar\u0131 kucaklayan \u00e7i\u00e7eksi amber koku. PRADA&#8217;n\u0131n ilk Portakal \u00c7i\u00e7e\u011fi tomurcu\u011fu \u00f6z\u00fcyle ferahl\u0131k yeniden ke\u015ffedildi. Canl\u0131 bir s\u0131cakl\u0131k ortaya \u00e7\u0131karan bio-d\u00f6n\u00fc\u015ft\u00fcr\u00fclm\u00fc\u015f amber, AmbrofixTM, hisleri yeniden yorumlad\u0131. Yo\u011fun oldu\u011fu kadar hafif ve rahatlat\u0131c\u0131, ilk andan itibaren tan\u0131d\u0131k bir iz b\u0131rakan yeni beyaz misk molek\u00fcl\u00fc SerenolideTM ile yo\u011funluk yeniden ke\u015ffedildi.Yeniden doldurulabilir \u015fi\u015fesi ile Paradoxe, markan\u0131n en ikonik kodu \u00fc\u00e7gen logoyu yeniden yorumlad\u0131. Asil ama ayaklar\u0131 yere basan radikal \u015fi\u015fe tasar\u0131m\u0131nda k\u00f6\u015feler yuvarlak bir tasar\u0131mla yumu\u015fat\u0131ld\u0131. Parf\u00fcm\u00fcn mercan pembesi rengi siyah kapak ve Prada armas\u0131yla z\u0131tla\u015ft\u0131.<\/p>\n<p>S\u00dcRES\u0130Z KULLANIM SUNAN DE\u011eERL\u0130 \u015e\u0130\u015eE<\/p>\n<p>Prada Paradoxe Eau de Parfum, cam \u015fi\u015feleri a\u011f\u0131rl\u0131klar\u0131n\u0131 ve cam kullan\u0131m\u0131n\u0131 s\u0131n\u0131rlamak i\u00e7in tasarland\u0131. Kutular FSC\u2122 MIX sertifikas\u0131 ile daha s\u00fcrd\u00fcr\u00fclebilir ka\u011f\u0131t ve karton se\u00e7imi sa\u011flad\u0131. T\u00fcm Prada Paradoxe \u00fcr\u00fcn \u015fi\u015feleri daha az paketleme malzemesi kullan\u0131m\u0131 i\u00e7in yeniden doldurulabilir. Sadece bir 50 ml Prada Paradoxe ve 100 ml refill, 3 \u015fi\u015fe Prada Paradoxe 50 ml ile k\u0131yasland\u0131\u011f\u0131nda %40 daha az materyalin kullan\u0131lmas\u0131n\u0131 sa\u011flar. Bu materyaller %29 cam, %67 metal, %46 plastik ve %39 kartondan olu\u015fur.<\/p>\n","protected":false},"excerpt":{"rendered":"<p>Prada Paradoxe Eau de Parfum, Prada&#8217;n\u0131n yeni ikonik imzas\u0131.\u00c7i\u00e7eksi kokusuyla kad\u0131nlar\u0131n \u00e7ok boyutlu paradokslar\u0131n\u0131 ke\u015ffetmeleri i\u00e7in bir davetiye. Asla ayn\u0131 olmaman\u0131n ve her zaman kendin olman\u0131n kutlamas\u0131. \u0130konik i\u00e7eriklerin paradokslar\u0131n\u0131 ortaya \u00e7\u0131karan esanslar\u0131 kucaklayan \u00e7i\u00e7eksi amber koku. PRADA&#8217;n\u0131n ilk Portakal \u00c7i\u00e7e\u011fi tomurcu\u011fu \u00f6z\u00fcyle ferahl\u0131k yeniden ke\u015ffedildi. Canl\u0131 bir s\u0131cakl\u0131k ortaya \u00e7\u0131karan bio-d\u00f6n\u00fc\u015ft\u00fcr\u00fclm\u00fc\u015f amber, AmbrofixTM, hisleri&#8230;<\/p>\n","protected":false},"featured_media":554,"comment_status":"open","ping_status":"closed","template":"","meta":{"_kad_post_transparent":"default","_kad_post_title":"","_kad_post_layout":"default","_kad_post_sidebar_id":"","_kad_post_content_style":"default","_kad_post_vertical_padding":"default","_kad_post_feature":"","_kad_post_feature_position":"","_kad_post_header":false,"_kad_post_footer":false},"product_brand":[],"product_cat":[20],"product_tag":[],"class_list":{"0":"post-552","1":"product","2":"type-product","3":"status-publish","4":"has-post-thumbnail","6":"product_cat-kadin","8":"first","9":"instock","10":"sale","11":"taxable","12":"shipping-taxable","13":"purchasable","14":"product-type-simple","15":"entry","16":"content-bg","17":"loop-entry"},"_links":{"self":[{"href":"https:\/\/samiraparfumeri.com\/index.php?rest_route=\/wp\/v2\/product\/552","targetHints":{"allow":["GET"]}}],"collection":[{"href":"https:\/\/samiraparfumeri.com\/index.php?rest_route=\/wp\/v2\/product"}],"about":[{"href":"https:\/\/samiraparfumeri.com\/index.php?rest_route=\/wp\/v2\/types\/product"}],"replies":[{"embeddable":true,"href":"https:\/\/samiraparfumeri.com\/index.php?rest_route=%2Fwp%2Fv2%2Fcomments&post=552"}],"wp:featuredmedia":[{"embeddable":true,"href":"https:\/\/samiraparfumeri.com\/index.php?rest_route=\/wp\/v2\/media\/554"}],"wp:attachment":[{"href":"https:\/\/samiraparfumeri.com\/index.php?rest_route=%2Fwp%2Fv2%2Fmedia&parent=552"}],"wp:term":[{"taxonomy":"product_brand","embeddable":true,"href":"https:\/\/samiraparfumeri.com\/index.php?rest_route=%2Fwp%2Fv2%2Fproduct_brand&post=552"},{"taxonomy":"product_cat","embeddable":true,"href":"https:\/\/samiraparfumeri.com\/index.php?rest_route=%2Fwp%2Fv2%2Fproduct_cat&post=552"},{"taxonomy":"product_tag","embeddable":true,"href":"https:\/\/samiraparfumeri.com\/index.php?rest_route=%2Fwp%2Fv2%2Fproduct_tag&post=552"}],"curies":[{"name":"wp","href":"https:\/\/api.w.org\/{rel}","templated":true}]}}