{"id":565,"date":"2025-06-13T18:11:32","date_gmt":"2025-06-13T15:11:32","guid":{"rendered":"https:\/\/samiraparfumeri.com\/?post_type=product&#038;p=565"},"modified":"2025-06-13T18:11:32","modified_gmt":"2025-06-13T15:11:32","slug":"tom-ford-cafe-rose-edp-100-ml","status":"publish","type":"product","link":"https:\/\/samiraparfumeri.com\/?product=tom-ford-cafe-rose-edp-100-ml","title":{"rendered":"Tom Ford Cafe Rose EDP 100 ML"},"content":{"rendered":"<div class=\"m-productDescription__infoTitle\"><strong>\u00dcr\u00fcn \u00d6zellikleri<\/strong><\/div>\n<div class=\"m-productDescription__infoDesc\">Avangard cazibenin s\u0131n\u0131r tan\u0131mayan bir ifadesi<br \/>\nCaf\u00e9 Rose, g\u00fcllerin incelikli \u00fcretimi ile daha vah\u015fi ve beklenmedik zevkler aras\u0131ndaki gerilimi yakal\u0131yor<br \/>\n\u00dc\u00e7 de\u011ferli g\u00fcl \u00f6z\u00fcn\u00fc koyu, egzotik kahve ve baharatlarla birle\u015ftirirken; t\u00fcts\u00fc re\u00e7inesi, amber ve odun ile d\u00fcnyevi bir duygusall\u0131kla \u00e7evreliyor<br \/>\n\u00dcr\u00fcn \u0130\u00e7erik: T\u00fcrk G\u00fcl\u00fc, Bulgar G\u00fcl\u00fc ve Kahve \u00c7ekirde\u011fi<br \/>\nKullan\u0131m \u015eekli: Parf\u00fcm\u00fc direkt olarak temiz cildinize 15-20 cm uzakl\u0131\u011f\u0131ndan s\u0131k\u0131n ve kendili\u011finden kurumas\u0131n\u0131 bekleyin<br \/>\n100 ml<\/div>\n","protected":false},"excerpt":{"rendered":"<p>\u00dcr\u00fcn \u00d6zellikleri Avangard cazibenin s\u0131n\u0131r tan\u0131mayan bir ifadesi Caf\u00e9 Rose, g\u00fcllerin incelikli \u00fcretimi ile daha vah\u015fi ve beklenmedik zevkler aras\u0131ndaki gerilimi yakal\u0131yor \u00dc\u00e7 de\u011ferli g\u00fcl \u00f6z\u00fcn\u00fc koyu, egzotik kahve ve baharatlarla birle\u015ftirirken; t\u00fcts\u00fc re\u00e7inesi, amber ve odun ile d\u00fcnyevi bir duygusall\u0131kla \u00e7evreliyor \u00dcr\u00fcn \u0130\u00e7erik: T\u00fcrk G\u00fcl\u00fc, Bulgar G\u00fcl\u00fc ve Kahve \u00c7ekirde\u011fi Kullan\u0131m \u015eekli: Parf\u00fcm\u00fc direkt&#8230;<\/p>\n","protected":false},"featured_media":566,"comment_status":"open","ping_status":"closed","template":"","meta":{"_kad_post_transparent":"default","_kad_post_title":"","_kad_post_layout":"default","_kad_post_sidebar_id":"","_kad_post_content_style":"default","_kad_post_vertical_padding":"default","_kad_post_feature":"","_kad_post_feature_position":"","_kad_post_header":false,"_kad_post_footer":false},"product_brand":[37],"product_cat":[20],"product_tag":[58,27,28,38],"class_list":{"0":"post-565","1":"product","2":"type-product","3":"status-publish","4":"has-post-thumbnail","6":"product_brand-tom-ford","7":"product_cat-kadin","8":"product_tag-kadin-parfum","9":"product_tag-luks-koku","10":"product_tag-orijinal-urun","11":"product_tag-tom-ford","13":"first","14":"instock","15":"sale","16":"taxable","17":"shipping-taxable","18":"purchasable","19":"product-type-simple","20":"entry","21":"content-bg","22":"loop-entry"},"_links":{"self":[{"href":"https:\/\/samiraparfumeri.com\/index.php?rest_route=\/wp\/v2\/product\/565","targetHints":{"allow":["GET"]}}],"collection":[{"href":"https:\/\/samiraparfumeri.com\/index.php?rest_route=\/wp\/v2\/product"}],"about":[{"href":"https:\/\/samiraparfumeri.com\/index.php?rest_route=\/wp\/v2\/types\/product"}],"replies":[{"embeddable":true,"href":"https:\/\/samiraparfumeri.com\/index.php?rest_route=%2Fwp%2Fv2%2Fcomments&post=565"}],"wp:featuredmedia":[{"embeddable":true,"href":"https:\/\/samiraparfumeri.com\/index.php?rest_route=\/wp\/v2\/media\/566"}],"wp:attachment":[{"href":"https:\/\/samiraparfumeri.com\/index.php?rest_route=%2Fwp%2Fv2%2Fmedia&parent=565"}],"wp:term":[{"taxonomy":"product_brand","embeddable":true,"href":"https:\/\/samiraparfumeri.com\/index.php?rest_route=%2Fwp%2Fv2%2Fproduct_brand&post=565"},{"taxonomy":"product_cat","embeddable":true,"href":"https:\/\/samiraparfumeri.com\/index.php?rest_route=%2Fwp%2Fv2%2Fproduct_cat&post=565"},{"taxonomy":"product_tag","embeddable":true,"href":"https:\/\/samiraparfumeri.com\/index.php?rest_route=%2Fwp%2Fv2%2Fproduct_tag&post=565"}],"curies":[{"name":"wp","href":"https:\/\/api.w.org\/{rel}","templated":true}]}}