{"id":571,"date":"2025-06-13T18:16:19","date_gmt":"2025-06-13T15:16:19","guid":{"rendered":"https:\/\/samiraparfumeri.com\/?post_type=product&#038;p=571"},"modified":"2025-06-13T18:16:19","modified_gmt":"2025-06-13T15:16:19","slug":"jean-paul-gaultier-scandal-gold-edp-80-ml","status":"publish","type":"product","link":"https:\/\/samiraparfumeri.com\/?product=jean-paul-gaultier-scandal-gold-edp-80-ml","title":{"rendered":"Jean Paul Gaultier Scandal Gold EDP 80 ML"},"content":{"rendered":"<p>\u201cMadam La Ministre\u201d Ba\u015fkan a\u015f\u0131r\u0131 derecede ciddidir\u2026 v\u00fccudunu saran Jean Paul Gaultier ete\u011fine ra\u011fmen \u00e7al\u0131\u015fma dosyalar\u0131na g\u00f6m\u00fclm\u00fc\u015ft\u00fcr.Ancak, gecenin ba\u015flamas\u0131yla birlikte, Ba\u015fkan Madam La Ministre kendi gece &#8220;dosyalar\u0131&#8221;na sahip olmak isteyen heyecanl\u0131 bir gece ku\u015fudur art\u0131k\u2026Birbirinden ayr\u0131 kalan iki d\u00fcnya. Ta ki bir paparazzi internette yay\u0131lan o foto\u011fraf\u0131 \u00e7ekene kadar&#8230; Scandal!!! G\u00fcnd\u00fcz, belirgin \u015fekilde Gardenya ve Kan Portakal\u0131 kokan bal\u0131ms\u0131, taze ve i\u015ftah a\u00e7\u0131c\u0131 bir parf\u00fcm. Keskin, kar\u015f\u0131 konulmaz ve \u00e7ocuklu\u011fu hat\u0131rlatt\u0131\u011f\u0131 i\u00e7in ula\u015f\u0131lmaz gibi g\u00f6r\u00fcn\u00fcyor\u2026. Geceleri; pa\u00e7uli ile kar\u0131\u015ft\u0131r\u0131lm\u0131\u015f, duyusal ve ba\u015ftan \u00e7\u0131karan bir bal. G\u00fcn\u00fcn sonunda, kar\u015f\u0131 konulmaz ve karma\u015f\u0131k bir mesaj g\u00f6nderiyor\u2026G\u00fcnd\u00fcz ve gece bir arada\u2026<\/p>\n","protected":false},"excerpt":{"rendered":"<p>\u201cMadam La Ministre\u201d Ba\u015fkan a\u015f\u0131r\u0131 derecede ciddidir\u2026 v\u00fccudunu saran Jean Paul Gaultier ete\u011fine ra\u011fmen \u00e7al\u0131\u015fma dosyalar\u0131na g\u00f6m\u00fclm\u00fc\u015ft\u00fcr.Ancak, gecenin ba\u015flamas\u0131yla birlikte, Ba\u015fkan Madam La Ministre kendi gece &#8220;dosyalar\u0131&#8221;na sahip olmak isteyen heyecanl\u0131 bir gece ku\u015fudur art\u0131k\u2026Birbirinden ayr\u0131 kalan iki d\u00fcnya. Ta ki bir paparazzi internette yay\u0131lan o foto\u011fraf\u0131 \u00e7ekene kadar&#8230; Scandal!!! G\u00fcnd\u00fcz, belirgin \u015fekilde Gardenya ve&#8230;<\/p>\n","protected":false},"featured_media":572,"comment_status":"open","ping_status":"closed","template":"","meta":{"_kad_post_transparent":"default","_kad_post_title":"","_kad_post_layout":"default","_kad_post_sidebar_id":"","_kad_post_content_style":"default","_kad_post_vertical_padding":"default","_kad_post_feature":"","_kad_post_feature_position":"","_kad_post_header":false,"_kad_post_footer":false},"product_brand":[29],"product_cat":[20],"product_tag":[30,58,27,28],"class_list":{"0":"post-571","1":"product","2":"type-product","3":"status-publish","4":"has-post-thumbnail","6":"product_brand-jean-paul-gaultier","7":"product_cat-kadin","8":"product_tag-jean-paul-gaultier","9":"product_tag-kadin-parfum","10":"product_tag-luks-koku","11":"product_tag-orijinal-urun","13":"first","14":"instock","15":"sale","16":"taxable","17":"shipping-taxable","18":"purchasable","19":"product-type-simple","20":"entry","21":"content-bg","22":"loop-entry"},"_links":{"self":[{"href":"https:\/\/samiraparfumeri.com\/index.php?rest_route=\/wp\/v2\/product\/571","targetHints":{"allow":["GET"]}}],"collection":[{"href":"https:\/\/samiraparfumeri.com\/index.php?rest_route=\/wp\/v2\/product"}],"about":[{"href":"https:\/\/samiraparfumeri.com\/index.php?rest_route=\/wp\/v2\/types\/product"}],"replies":[{"embeddable":true,"href":"https:\/\/samiraparfumeri.com\/index.php?rest_route=%2Fwp%2Fv2%2Fcomments&post=571"}],"wp:featuredmedia":[{"embeddable":true,"href":"https:\/\/samiraparfumeri.com\/index.php?rest_route=\/wp\/v2\/media\/572"}],"wp:attachment":[{"href":"https:\/\/samiraparfumeri.com\/index.php?rest_route=%2Fwp%2Fv2%2Fmedia&parent=571"}],"wp:term":[{"taxonomy":"product_brand","embeddable":true,"href":"https:\/\/samiraparfumeri.com\/index.php?rest_route=%2Fwp%2Fv2%2Fproduct_brand&post=571"},{"taxonomy":"product_cat","embeddable":true,"href":"https:\/\/samiraparfumeri.com\/index.php?rest_route=%2Fwp%2Fv2%2Fproduct_cat&post=571"},{"taxonomy":"product_tag","embeddable":true,"href":"https:\/\/samiraparfumeri.com\/index.php?rest_route=%2Fwp%2Fv2%2Fproduct_tag&post=571"}],"curies":[{"name":"wp","href":"https:\/\/api.w.org\/{rel}","templated":true}]}}