{"id":680,"date":"2025-06-16T10:40:42","date_gmt":"2025-06-16T07:40:42","guid":{"rendered":"https:\/\/samiraparfumeri.com\/?post_type=product&#038;p=680"},"modified":"2025-06-20T13:47:35","modified_gmt":"2025-06-20T10:47:35","slug":"armani-si-edp-100ml-2","status":"publish","type":"product","link":"https:\/\/samiraparfumeri.com\/?product=armani-si-edp-100ml-2","title":{"rendered":"Armani Si EDP 100ML"},"content":{"rendered":"<h2>\u00dcr\u00fcn A\u00e7\u0131klamas\u0131<\/h2>\n<ul class=\"detail-desc-list\">\n<li>Ayn\u0131 anda \u015f\u0131k, zarif, yo\u011fun ve yumu\u015fak olabilen S\u00ec eau de parfum kal\u0131c\u0131 etkisi ile duyular\u0131 b\u00fcy\u00fcler. Giorgio Armani couture ruhundan gelen e\u015fsiz ve zarafet dolu yap\u0131s\u0131 ile S\u00ec eau de parf\u00fcm lanse oldu\u011fu y\u0131ldan bu yana kad\u0131nlar\u0131n ikonikle\u015fen kokusu olmu\u015ftur. Frenk \u00fcz\u00fcm\u00fc nektar\u0131 etraf\u0131nda \u015fekillenen, modern \u015fipre ve sar\u0131\u015f\u0131n ah\u015fap misk dokunu\u015flar\u0131 ile tamamlanan e\u015fsiz ve b\u00fcy\u00fcleyici bir koku. S\u00ec eau de parf\u00fcm, g\u00fc\u00e7l\u00fc ama kad\u0131ns\u0131, sofistike ama karizmatik, tam anlam\u0131yla modern kad\u0131nlar i\u00e7in yarat\u0131lm\u0131\u015ft\u0131r. \u015e\u0131k \u0130talyan zarafetinin ve tarz\u0131n\u0131n \u00f6z\u00fcn\u00fc somutla\u015ft\u0131rm\u0131\u015ft\u0131r. Hayata EVET de! S\u00ec i\u00e7in R\u00fcyalar\u0131 ya\u015fa, S\u00ec i\u00e7in \u00d6zg\u00fcrl\u00fc\u011f\u00fc ya\u015fa, S\u00ec i\u00e7in A\u015fk\u0131 ya\u015fa ve S\u00ec ile kendini ya\u015fa! Kullan\u0131m \u015eekli: v\u00fccudunuzun s\u0131cak noktalar\u0131na uygulay\u0131n\u0131z: bilek, dirsek i\u00e7i ve boyun. 15-20 cm uzaktan, enseye, omuz ba\u015flar\u0131na ve sa\u00e7 u\u00e7lar\u0131na s\u0131k\u0131n\u0131z. G\u00f6ze ve tahri\u015f olmu\u015f deriye temas ettirmeyiniz. Boy:100 ML Tip:EDP Cinsiyet:KADIN Ya\u015f Grubu:KADIN<\/li>\n<\/ul>\n","protected":false},"excerpt":{"rendered":"<p>\u00dcr\u00fcn A\u00e7\u0131klamas\u0131 Ayn\u0131 anda \u015f\u0131k, zarif, yo\u011fun ve yumu\u015fak olabilen S\u00ec eau de parfum kal\u0131c\u0131 etkisi ile duyular\u0131 b\u00fcy\u00fcler. Giorgio Armani couture ruhundan gelen e\u015fsiz ve zarafet dolu yap\u0131s\u0131 ile S\u00ec eau de parf\u00fcm lanse oldu\u011fu y\u0131ldan bu yana kad\u0131nlar\u0131n ikonikle\u015fen kokusu olmu\u015ftur. Frenk \u00fcz\u00fcm\u00fc nektar\u0131 etraf\u0131nda \u015fekillenen, modern \u015fipre ve sar\u0131\u015f\u0131n ah\u015fap misk dokunu\u015flar\u0131&#8230;<\/p>\n","protected":false},"featured_media":457,"comment_status":"open","ping_status":"closed","template":"","meta":{"_kad_post_transparent":"default","_kad_post_title":"","_kad_post_layout":"default","_kad_post_sidebar_id":"","_kad_post_content_style":"default","_kad_post_vertical_padding":"default","_kad_post_feature":"","_kad_post_feature_position":"","_kad_post_header":false,"_kad_post_footer":false},"product_brand":[],"product_cat":[23],"product_tag":[32,58,27,28],"class_list":{"0":"post-680","1":"product","2":"type-product","3":"status-publish","4":"has-post-thumbnail","6":"product_cat-hediye-urunler","7":"product_tag-armani","8":"product_tag-kadin-parfum","9":"product_tag-luks-koku","10":"product_tag-orijinal-urun","12":"first","13":"instock","14":"sale","15":"taxable","16":"shipping-taxable","17":"purchasable","18":"product-type-simple","19":"entry","20":"content-bg","21":"loop-entry"},"_links":{"self":[{"href":"https:\/\/samiraparfumeri.com\/index.php?rest_route=\/wp\/v2\/product\/680","targetHints":{"allow":["GET"]}}],"collection":[{"href":"https:\/\/samiraparfumeri.com\/index.php?rest_route=\/wp\/v2\/product"}],"about":[{"href":"https:\/\/samiraparfumeri.com\/index.php?rest_route=\/wp\/v2\/types\/product"}],"replies":[{"embeddable":true,"href":"https:\/\/samiraparfumeri.com\/index.php?rest_route=%2Fwp%2Fv2%2Fcomments&post=680"}],"wp:featuredmedia":[{"embeddable":true,"href":"https:\/\/samiraparfumeri.com\/index.php?rest_route=\/wp\/v2\/media\/457"}],"wp:attachment":[{"href":"https:\/\/samiraparfumeri.com\/index.php?rest_route=%2Fwp%2Fv2%2Fmedia&parent=680"}],"wp:term":[{"taxonomy":"product_brand","embeddable":true,"href":"https:\/\/samiraparfumeri.com\/index.php?rest_route=%2Fwp%2Fv2%2Fproduct_brand&post=680"},{"taxonomy":"product_cat","embeddable":true,"href":"https:\/\/samiraparfumeri.com\/index.php?rest_route=%2Fwp%2Fv2%2Fproduct_cat&post=680"},{"taxonomy":"product_tag","embeddable":true,"href":"https:\/\/samiraparfumeri.com\/index.php?rest_route=%2Fwp%2Fv2%2Fproduct_tag&post=680"}],"curies":[{"name":"wp","href":"https:\/\/api.w.org\/{rel}","templated":true}]}}