{"id":713,"date":"2025-06-16T10:59:54","date_gmt":"2025-06-16T07:59:54","guid":{"rendered":"https:\/\/samiraparfumeri.com\/?post_type=product&#038;p=713"},"modified":"2025-06-20T13:51:59","modified_gmt":"2025-06-20T10:51:59","slug":"hugo-boss-bottled-night-edp-100-ml-2","status":"publish","type":"product","link":"https:\/\/samiraparfumeri.com\/?product=hugo-boss-bottled-night-edp-100-ml-2","title":{"rendered":"Hugo Boss Bottled Night EDP 100 ML"},"content":{"rendered":"<div class=\"m-productDescription__infoTitle\"><strong>\u00dcr\u00fcn \u00d6zellikleri<\/strong><\/div>\n<div class=\"m-productDescription__infoDesc\">BOTTLED NIGHT Eau de Toilette Erkek Parf\u00fcm\u00fc 100 ml<br \/>\nBOSS BOTTLED Night, g\u00fcnd\u00fcz oldu\u011fu kadar gece de ba\u015far\u0131l\u0131 olan BOSS erke\u011finin ba\u015ftan \u00e7\u0131karan gizli silah\u0131 olmaya mahkumdur<br \/>\nZengin ve egzotik odunsu notalar, keskin, erkeksi bir karaktere sahip yo\u011fun ve baharatl\u0131 bir koku<\/p>\n<p>BOSS BOTTLED Night, BOSS erke\u011finin cephaneli\u011findeki gizli silah olmaya ve ona g\u00fcnd\u00fczleri ba\u015far\u0131s\u0131n\u0131n temelini olu\u015fturan ayn\u0131 zorlay\u0131c\u0131 varl\u0131\u011f\u0131 a\u015f\u0131lar<br \/>\nZarafet ve ba\u015ftan \u00e7\u0131karma aras\u0131nda e\u015fsiz bir kompozisyon<br \/>\nAma\u00e7l\u0131, keskin, erkeksi bir karaktere sahip yo\u011fun ve baharatl\u0131 bir koku<br \/>\nOrmanlar kokunun anahtar\u0131d\u0131r: BOSS BOTTLED Night, zengin ve egzotik yeni bir odunsu nota olan Louro Amarelo&#8217;nun koku kopyas\u0131n\u0131 sunar<\/p>\n<p>Ba\u015ftan \u00e7\u0131kart\u0131c\u0131, s\u0131cak, egzotik<br \/>\nKoku Ailesi: Odunsu Aromatik<br \/>\nKoku Notalar\u0131: Hu\u015f A\u011fac\u0131 Yapra\u011f\u0131 \/ Kadavum \/ Louro Amarelo Ah\u015fap, Misk Notlar\u0131<br \/>\nKullan\u0131m \u00d6nerisi: Kokunun \u00f6mr\u00fcn\u00fc uzatmak i\u00e7in v\u00fccudunuzda atar damarlar\u0131n bulundu\u011fu noktalar\u0131na p\u00fcsk\u00fcrt\u00fcn: boyun, dekolte b\u00f6lgesi, bilek, ayak bilekleri<\/p>\n<p>Uyar\u0131: G\u00f6ze ve tahri\u015f olmu\u015f deriye temas ettirmeyiniz<br \/>\nBOSS Parf\u00fcmleri, BOSS erkek ve kad\u0131n\u0131n\u0131n g\u00fc\u00e7l\u00fc ki\u015fili\u011fini yans\u0131tacak \u015fekilde ustal\u0131kla haz\u0131rlanm\u0131\u015ft\u0131r ve t\u00fcketicilerin kendilerini daha da iyi hissedecekleri bir g\u00f6r\u00fcn\u00fcme kavu\u015fturmak ve modern ya\u015fam tarzlar\u0131n\u0131 tamamlamak i\u00e7in uyarlanm\u0131\u015f bir dizi rafine ve \u00e7a\u011fda\u015f parf\u00fcm i\u00e7erir<\/p><\/div>\n","protected":false},"excerpt":{"rendered":"<p>\u00dcr\u00fcn \u00d6zellikleri BOTTLED NIGHT Eau de Toilette Erkek Parf\u00fcm\u00fc 100 ml BOSS BOTTLED Night, g\u00fcnd\u00fcz oldu\u011fu kadar gece de ba\u015far\u0131l\u0131 olan BOSS erke\u011finin ba\u015ftan \u00e7\u0131karan gizli silah\u0131 olmaya mahkumdur Zengin ve egzotik odunsu notalar, keskin, erkeksi bir karaktere sahip yo\u011fun ve baharatl\u0131 bir koku BOSS BOTTLED Night, BOSS erke\u011finin cephaneli\u011findeki gizli silah olmaya ve ona&#8230;<\/p>\n","protected":false},"featured_media":316,"comment_status":"open","ping_status":"closed","template":"","meta":{"_kad_post_transparent":"default","_kad_post_title":"","_kad_post_layout":"default","_kad_post_sidebar_id":"","_kad_post_content_style":"default","_kad_post_vertical_padding":"default","_kad_post_feature":"","_kad_post_feature_position":"","_kad_post_header":false,"_kad_post_footer":false},"product_brand":[],"product_cat":[23],"product_tag":[34],"class_list":{"0":"post-713","1":"product","2":"type-product","3":"status-publish","4":"has-post-thumbnail","6":"product_cat-hediye-urunler","7":"product_tag-hugo-boss","9":"first","10":"instock","11":"sale","12":"taxable","13":"shipping-taxable","14":"purchasable","15":"product-type-simple","16":"entry","17":"content-bg","18":"loop-entry"},"_links":{"self":[{"href":"https:\/\/samiraparfumeri.com\/index.php?rest_route=\/wp\/v2\/product\/713","targetHints":{"allow":["GET"]}}],"collection":[{"href":"https:\/\/samiraparfumeri.com\/index.php?rest_route=\/wp\/v2\/product"}],"about":[{"href":"https:\/\/samiraparfumeri.com\/index.php?rest_route=\/wp\/v2\/types\/product"}],"replies":[{"embeddable":true,"href":"https:\/\/samiraparfumeri.com\/index.php?rest_route=%2Fwp%2Fv2%2Fcomments&post=713"}],"wp:featuredmedia":[{"embeddable":true,"href":"https:\/\/samiraparfumeri.com\/index.php?rest_route=\/wp\/v2\/media\/316"}],"wp:attachment":[{"href":"https:\/\/samiraparfumeri.com\/index.php?rest_route=%2Fwp%2Fv2%2Fmedia&parent=713"}],"wp:term":[{"taxonomy":"product_brand","embeddable":true,"href":"https:\/\/samiraparfumeri.com\/index.php?rest_route=%2Fwp%2Fv2%2Fproduct_brand&post=713"},{"taxonomy":"product_cat","embeddable":true,"href":"https:\/\/samiraparfumeri.com\/index.php?rest_route=%2Fwp%2Fv2%2Fproduct_cat&post=713"},{"taxonomy":"product_tag","embeddable":true,"href":"https:\/\/samiraparfumeri.com\/index.php?rest_route=%2Fwp%2Fv2%2Fproduct_tag&post=713"}],"curies":[{"name":"wp","href":"https:\/\/api.w.org\/{rel}","templated":true}]}}