{"id":720,"date":"2025-06-16T11:02:25","date_gmt":"2025-06-16T08:02:25","guid":{"rendered":"https:\/\/samiraparfumeri.com\/?post_type=product&#038;p=720"},"modified":"2025-06-20T13:49:50","modified_gmt":"2025-06-20T10:49:50","slug":"lancome-la-vie-est-belle-edp-75-ml-2","status":"publish","type":"product","link":"https:\/\/samiraparfumeri.com\/?product=lancome-la-vie-est-belle-edp-75-ml-2","title":{"rendered":"Lancome La Vie Est Belle EDP 75 ML"},"content":{"rendered":"<p><strong>MUTLULUK KOKUSU.<\/strong><\/p>\n<p>Hayat onu olu\u015fturan \u015feydir. Lancome&#8217;un ikonik kad\u0131n parf\u00fcm\u00fc La Vie Est Belle ile onu g\u00fczelle\u015ftirin. Kristal bir g\u00fcl\u00fcmsemeyle sarmalanm\u0131\u015f \u00e7i\u00e7eksi bir gurme buketi. Mutlulu\u011fun ve ne\u015feli kad\u0131nl\u0131\u011f\u0131n evrensel sembol\u00fc. En asil i\u00e7erikleri harmanlayan. La Vie Est Belle ger\u00e7ekten ba\u011f\u0131ml\u0131l\u0131k yaratan bir koku.<\/p>\n<p><strong>ZAMANSIZ VE \u0130KON\u0130K B\u0130R KOKU<\/strong><br \/>\n<strong>\u0130LK LEZZETL\u0130 IRIS AKORDUMUZ<\/strong><br \/>\n<strong>S\u00dcRD\u00dcR\u00dcLEB\u0130L\u0130RL\u0130K KAYNAKLI \u0130\u00c7ER\u0130KLERLE*<\/strong><br \/>\n<strong>YEN\u0130 DOLDURULAB\u0130L\u0130R VE GER\u0130 D\u00d6N\u00dc\u015eT\u00dcR\u00dcLEB\u0130L\u0130R \u015e\u0130\u015eE<\/strong><\/p>\n<p><strong>FARKLI KILAN NED\u0130R<\/strong><br \/>\nLa Vie Est Belle, Lancome i\u00e7in en \u00fcnl\u00fc \u00fc\u00e7 Frans\u0131z parf\u00fcmc\u00fcn\u00fcn \u00f6zel olarak yaratt\u0131\u011f\u0131 ilk lezzetli Iris&#8217;te. Iris&#8217;in asaleti, Pa\u00e7uli&#8217;nin derinli\u011fi ve ba\u015ftan \u00e7\u0131kar\u0131c\u0131 Vanilya akoru aras\u0131nda m\u00fckemmel bir dengeye sahip, g\u00fc\u00e7l\u00fc bir ize sahip bir koku, m\u00fckemmel kokuyu veya mutlulu\u011fu yarat\u0131yor.<\/p>\n<p><strong>BA\u015eKA B\u0130LMEN\u0130Z GEREKENLER<\/strong><br \/>\nAmbalaj, l\u00fcks\u00fc daha s\u00fcrd\u00fcr\u00fclebilir hale getirmek i\u00e7in yeniden icat edildi. Ayn\u0131 kristal g\u00fcl\u00fcmseme \u015fi\u015fesi, %13 daha az camla.** Ayn\u0131 ikonik tasar\u0131m, art\u0131k yeniden doldurulabilir ve geri d\u00f6n\u00fc\u015ft\u00fcr\u00fclebilir. Ayn\u0131 koku, s\u00fcrd\u00fcr\u00fclebilir kaynakl\u0131 i\u00e7eriklerle.<\/p>\n","protected":false},"excerpt":{"rendered":"<p>MUTLULUK KOKUSU. Hayat onu olu\u015fturan \u015feydir. Lancome&#8217;un ikonik kad\u0131n parf\u00fcm\u00fc La Vie Est Belle ile onu g\u00fczelle\u015ftirin. Kristal bir g\u00fcl\u00fcmsemeyle sarmalanm\u0131\u015f \u00e7i\u00e7eksi bir gurme buketi. Mutlulu\u011fun ve ne\u015feli kad\u0131nl\u0131\u011f\u0131n evrensel sembol\u00fc. En asil i\u00e7erikleri harmanlayan. La Vie Est Belle ger\u00e7ekten ba\u011f\u0131ml\u0131l\u0131k yaratan bir koku. ZAMANSIZ VE \u0130KON\u0130K B\u0130R KOKU \u0130LK LEZZETL\u0130 IRIS AKORDUMUZ S\u00dcRD\u00dcR\u00dcLEB\u0130L\u0130RL\u0130K KAYNAKLI&#8230;<\/p>\n","protected":false},"featured_media":407,"comment_status":"open","ping_status":"closed","template":"","meta":{"_kad_post_transparent":"default","_kad_post_title":"","_kad_post_layout":"default","_kad_post_sidebar_id":"","_kad_post_content_style":"default","_kad_post_vertical_padding":"default","_kad_post_feature":"","_kad_post_feature_position":"","_kad_post_header":false,"_kad_post_footer":false},"product_brand":[],"product_cat":[23],"product_tag":[58,65,27,28],"class_list":{"0":"post-720","1":"product","2":"type-product","3":"status-publish","4":"has-post-thumbnail","6":"product_cat-hediye-urunler","7":"product_tag-kadin-parfum","8":"product_tag-lancome","9":"product_tag-luks-koku","10":"product_tag-orijinal-urun","12":"first","13":"instock","14":"sale","15":"taxable","16":"shipping-taxable","17":"purchasable","18":"product-type-simple","19":"entry","20":"content-bg","21":"loop-entry"},"_links":{"self":[{"href":"https:\/\/samiraparfumeri.com\/index.php?rest_route=\/wp\/v2\/product\/720","targetHints":{"allow":["GET"]}}],"collection":[{"href":"https:\/\/samiraparfumeri.com\/index.php?rest_route=\/wp\/v2\/product"}],"about":[{"href":"https:\/\/samiraparfumeri.com\/index.php?rest_route=\/wp\/v2\/types\/product"}],"replies":[{"embeddable":true,"href":"https:\/\/samiraparfumeri.com\/index.php?rest_route=%2Fwp%2Fv2%2Fcomments&post=720"}],"wp:featuredmedia":[{"embeddable":true,"href":"https:\/\/samiraparfumeri.com\/index.php?rest_route=\/wp\/v2\/media\/407"}],"wp:attachment":[{"href":"https:\/\/samiraparfumeri.com\/index.php?rest_route=%2Fwp%2Fv2%2Fmedia&parent=720"}],"wp:term":[{"taxonomy":"product_brand","embeddable":true,"href":"https:\/\/samiraparfumeri.com\/index.php?rest_route=%2Fwp%2Fv2%2Fproduct_brand&post=720"},{"taxonomy":"product_cat","embeddable":true,"href":"https:\/\/samiraparfumeri.com\/index.php?rest_route=%2Fwp%2Fv2%2Fproduct_cat&post=720"},{"taxonomy":"product_tag","embeddable":true,"href":"https:\/\/samiraparfumeri.com\/index.php?rest_route=%2Fwp%2Fv2%2Fproduct_tag&post=720"}],"curies":[{"name":"wp","href":"https:\/\/api.w.org\/{rel}","templated":true}]}}